{"id":393,"date":"2022-07-13T10:10:50","date_gmt":"2022-07-13T13:10:50","guid":{"rendered":"https:\/\/secovipr.com.br\/pontagrossa\/?page_id=393"},"modified":"2022-07-13T12:05:14","modified_gmt":"2022-07-13T15:05:14","slug":"redes-parceiras","status":"publish","type":"page","link":"https:\/\/secovipr.com.br\/pontagrossa\/redes-parceiras\/","title":{"rendered":"Redes parceiras"},"content":{"rendered":"","protected":false},"excerpt":{"rendered":"","protected":false},"author":1,"featured_media":0,"parent":0,"menu_order":0,"comment_status":"closed","ping_status":"closed","template":"template-redes.php","meta":[],"acf":[],"yoast_head":"<!-- This site is optimized with the Yoast SEO plugin v18.1 - https:\/\/yoast.com\/wordpress\/plugins\/seo\/ -->\n<title>Redes parceiras - Regional Campos Gerais<\/title>\n<meta name=\"robots\" content=\"noindex, follow, max-snippet:-1, max-image-preview:large, max-video-preview:-1\" \/>\n<meta property=\"og:locale\" content=\"pt_BR\" \/>\n<meta property=\"og:type\" content=\"article\" \/>\n<meta property=\"og:title\" content=\"Redes parceiras - Regional Campos Gerais\" \/>\n<meta property=\"og:url\" content=\"https:\/\/secovipr.com.br\/pontagrossa\/redes-parceiras\/\" \/>\n<meta property=\"og:site_name\" content=\"Regional Campos Gerais\" \/>\n<meta property=\"article:modified_time\" content=\"2022-07-13T15:05:14+00:00\" \/>\n<meta name=\"twitter:card\" content=\"summary_large_image\" \/>\n<script type=\"application\/ld+json\" class=\"yoast-schema-graph\">{\"@context\":\"https:\/\/schema.org\",\"@graph\":[{\"@type\":\"WebSite\",\"@id\":\"https:\/\/secovipr.com.br\/pontagrossa\/#website\",\"url\":\"https:\/\/secovipr.com.br\/pontagrossa\/\",\"name\":\"Regional Campos Gerais\",\"description\":\"Sindicato da Habita\u00e7\u00e3o e Condom\u00ednios do Paran\u00e1\",\"potentialAction\":[{\"@type\":\"SearchAction\",\"target\":{\"@type\":\"EntryPoint\",\"urlTemplate\":\"https:\/\/secovipr.com.br\/pontagrossa\/?s={search_term_string}\"},\"query-input\":\"required name=search_term_string\"}],\"inLanguage\":\"pt-BR\"},{\"@type\":\"WebPage\",\"@id\":\"https:\/\/secovipr.com.br\/pontagrossa\/redes-parceiras\/#webpage\",\"url\":\"https:\/\/secovipr.com.br\/pontagrossa\/redes-parceiras\/\",\"name\":\"Redes parceiras - Regional Campos Gerais\",\"isPartOf\":{\"@id\":\"https:\/\/secovipr.com.br\/pontagrossa\/#website\"},\"datePublished\":\"2022-07-13T13:10:50+00:00\",\"dateModified\":\"2022-07-13T15:05:14+00:00\",\"breadcrumb\":{\"@id\":\"https:\/\/secovipr.com.br\/pontagrossa\/redes-parceiras\/#breadcrumb\"},\"inLanguage\":\"pt-BR\",\"potentialAction\":[{\"@type\":\"ReadAction\",\"target\":[\"https:\/\/secovipr.com.br\/pontagrossa\/redes-parceiras\/\"]}]},{\"@type\":\"BreadcrumbList\",\"@id\":\"https:\/\/secovipr.com.br\/pontagrossa\/redes-parceiras\/#breadcrumb\",\"itemListElement\":[{\"@type\":\"ListItem\",\"position\":1,\"name\":\"In\u00edcio\",\"item\":\"https:\/\/secovipr.com.br\/pontagrossa\/\"},{\"@type\":\"ListItem\",\"position\":2,\"name\":\"Redes parceiras\"}]}]}<\/script>\n<!-- \/ Yoast SEO plugin. -->","yoast_head_json":{"title":"Redes parceiras - Regional Campos Gerais","robots":{"index":"noindex","follow":"follow","max-snippet":"max-snippet:-1","max-image-preview":"max-image-preview:large","max-video-preview":"max-video-preview:-1"},"og_locale":"pt_BR","og_type":"article","og_title":"Redes parceiras - Regional Campos Gerais","og_url":"https:\/\/secovipr.com.br\/pontagrossa\/redes-parceiras\/","og_site_name":"Regional Campos Gerais","article_modified_time":"2022-07-13T15:05:14+00:00","twitter_card":"summary_large_image","schema":{"@context":"https:\/\/schema.org","@graph":[{"@type":"WebSite","@id":"https:\/\/secovipr.com.br\/pontagrossa\/#website","url":"https:\/\/secovipr.com.br\/pontagrossa\/","name":"Regional Campos Gerais","description":"Sindicato da Habita\u00e7\u00e3o e Condom\u00ednios do Paran\u00e1","potentialAction":[{"@type":"SearchAction","target":{"@type":"EntryPoint","urlTemplate":"https:\/\/secovipr.com.br\/pontagrossa\/?s={search_term_string}"},"query-input":"required name=search_term_string"}],"inLanguage":"pt-BR"},{"@type":"WebPage","@id":"https:\/\/secovipr.com.br\/pontagrossa\/redes-parceiras\/#webpage","url":"https:\/\/secovipr.com.br\/pontagrossa\/redes-parceiras\/","name":"Redes parceiras - Regional Campos Gerais","isPartOf":{"@id":"https:\/\/secovipr.com.br\/pontagrossa\/#website"},"datePublished":"2022-07-13T13:10:50+00:00","dateModified":"2022-07-13T15:05:14+00:00","breadcrumb":{"@id":"https:\/\/secovipr.com.br\/pontagrossa\/redes-parceiras\/#breadcrumb"},"inLanguage":"pt-BR","potentialAction":[{"@type":"ReadAction","target":["https:\/\/secovipr.com.br\/pontagrossa\/redes-parceiras\/"]}]},{"@type":"BreadcrumbList","@id":"https:\/\/secovipr.com.br\/pontagrossa\/redes-parceiras\/#breadcrumb","itemListElement":[{"@type":"ListItem","position":1,"name":"In\u00edcio","item":"https:\/\/secovipr.com.br\/pontagrossa\/"},{"@type":"ListItem","position":2,"name":"Redes parceiras"}]}]}},"_links":{"self":[{"href":"https:\/\/secovipr.com.br\/pontagrossa\/wp-json\/wp\/v2\/pages\/393"}],"collection":[{"href":"https:\/\/secovipr.com.br\/pontagrossa\/wp-json\/wp\/v2\/pages"}],"about":[{"href":"https:\/\/secovipr.com.br\/pontagrossa\/wp-json\/wp\/v2\/types\/page"}],"author":[{"embeddable":true,"href":"https:\/\/secovipr.com.br\/pontagrossa\/wp-json\/wp\/v2\/users\/1"}],"replies":[{"embeddable":true,"href":"https:\/\/secovipr.com.br\/pontagrossa\/wp-json\/wp\/v2\/comments?post=393"}],"version-history":[{"count":4,"href":"https:\/\/secovipr.com.br\/pontagrossa\/wp-json\/wp\/v2\/pages\/393\/revisions"}],"predecessor-version":[{"id":400,"href":"https:\/\/secovipr.com.br\/pontagrossa\/wp-json\/wp\/v2\/pages\/393\/revisions\/400"}],"wp:attachment":[{"href":"https:\/\/secovipr.com.br\/pontagrossa\/wp-json\/wp\/v2\/media?parent=393"}],"curies":[{"name":"wp","href":"https:\/\/api.w.org\/{rel}","templated":true}]}}