{"id":40,"date":"2022-01-11T18:05:50","date_gmt":"2022-01-11T21:05:50","guid":{"rendered":"http:\/\/localhost\/secovipr-site\/?page_id=40"},"modified":"2022-01-17T15:08:49","modified_gmt":"2022-01-17T18:08:49","slug":"empresas","status":"publish","type":"page","link":"https:\/\/secovipr.com.br\/maringa\/empresas\/","title":{"rendered":"Empresas"},"content":{"rendered":"\n<h3 class=\"has-text-align-center\"><a href=\"https:\/\/secovipr.com.br\/maringa\/empresas\/atuacao\/\">Atua\u00e7\u00e3o<\/a><\/h3>\n\n\n\n<h3 class=\"has-text-align-center\"><a href=\"https:\/\/secovipr.com.br\/maringa\/empresas\/lei-da-locacao\/\">Lei &#8211; Loca\u00e7\u00e3o<\/a><\/h3>\n\n\n\n<h3 class=\"has-text-align-center\"><a href=\"https:\/\/secovipr.com.br\/maringa\/empresas\/lei-comercializacao-imobiliaria\/\">Lei &#8211; Comercializa\u00e7\u00e3o Imobili\u00e1ria<\/a><\/h3>\n\n\n\n<h3 class=\"has-text-align-center\"><a href=\"https:\/\/secovipr.com.br\/maringa\/empresas\/lei-contrato-de-locacao\/\">Lei &#8211; Contrato de Loca\u00e7\u00e3o<\/a><\/h3>\n","protected":false},"excerpt":{"rendered":"<p>Atua\u00e7\u00e3o Lei &#8211; Loca\u00e7\u00e3o Lei &#8211; Comercializa\u00e7\u00e3o Imobili\u00e1ria Lei &#8211; Contrato de Loca\u00e7\u00e3o<\/p>\n","protected":false},"author":1,"featured_media":0,"parent":0,"menu_order":0,"comment_status":"closed","ping_status":"closed","template":"","meta":[],"acf":[],"yoast_head":"<!-- This site is optimized with the Yoast SEO plugin v18.1 - https:\/\/yoast.com\/wordpress\/plugins\/seo\/ -->\n<title>Empresas - Regional Noroeste<\/title>\n<meta name=\"robots\" content=\"noindex, follow, max-snippet:-1, max-image-preview:large, max-video-preview:-1\" \/>\n<meta property=\"og:locale\" content=\"pt_BR\" \/>\n<meta property=\"og:type\" content=\"article\" \/>\n<meta property=\"og:title\" content=\"Empresas - Regional Noroeste\" \/>\n<meta property=\"og:description\" content=\"Atua\u00e7\u00e3o Lei &#8211; Loca\u00e7\u00e3o Lei &#8211; Comercializa\u00e7\u00e3o Imobili\u00e1ria Lei &#8211; Contrato de Loca\u00e7\u00e3o\" \/>\n<meta property=\"og:url\" content=\"https:\/\/secovipr.com.br\/maringa\/empresas\/\" \/>\n<meta property=\"og:site_name\" content=\"Regional Noroeste\" \/>\n<meta property=\"article:modified_time\" content=\"2022-01-17T18:08:49+00:00\" \/>\n<meta name=\"twitter:card\" content=\"summary_large_image\" \/>\n<meta name=\"twitter:label1\" content=\"Est. tempo de leitura\" \/>\n\t<meta name=\"twitter:data1\" content=\"1 minuto\" \/>\n<script type=\"application\/ld+json\" class=\"yoast-schema-graph\">{\"@context\":\"https:\/\/schema.org\",\"@graph\":[{\"@type\":\"WebSite\",\"@id\":\"https:\/\/secovipr.com.br\/maringa\/#website\",\"url\":\"https:\/\/secovipr.com.br\/maringa\/\",\"name\":\"Regional Noroeste\",\"description\":\"Sindicato da Habita\u00e7\u00e3o e Condom\u00ednios do Paran\u00e1\",\"potentialAction\":[{\"@type\":\"SearchAction\",\"target\":{\"@type\":\"EntryPoint\",\"urlTemplate\":\"https:\/\/secovipr.com.br\/maringa\/?s={search_term_string}\"},\"query-input\":\"required name=search_term_string\"}],\"inLanguage\":\"pt-BR\"},{\"@type\":\"WebPage\",\"@id\":\"https:\/\/secovipr.com.br\/maringa\/empresas\/#webpage\",\"url\":\"https:\/\/secovipr.com.br\/maringa\/empresas\/\",\"name\":\"Empresas - Regional Noroeste\",\"isPartOf\":{\"@id\":\"https:\/\/secovipr.com.br\/maringa\/#website\"},\"datePublished\":\"2022-01-11T21:05:50+00:00\",\"dateModified\":\"2022-01-17T18:08:49+00:00\",\"breadcrumb\":{\"@id\":\"https:\/\/secovipr.com.br\/maringa\/empresas\/#breadcrumb\"},\"inLanguage\":\"pt-BR\",\"potentialAction\":[{\"@type\":\"ReadAction\",\"target\":[\"https:\/\/secovipr.com.br\/maringa\/empresas\/\"]}]},{\"@type\":\"BreadcrumbList\",\"@id\":\"https:\/\/secovipr.com.br\/maringa\/empresas\/#breadcrumb\",\"itemListElement\":[{\"@type\":\"ListItem\",\"position\":1,\"name\":\"In\u00edcio\",\"item\":\"https:\/\/secovipr.com.br\/maringa\/\"},{\"@type\":\"ListItem\",\"position\":2,\"name\":\"Empresas\"}]}]}<\/script>\n<!-- \/ Yoast SEO plugin. -->","yoast_head_json":{"title":"Empresas - Regional Noroeste","robots":{"index":"noindex","follow":"follow","max-snippet":"max-snippet:-1","max-image-preview":"max-image-preview:large","max-video-preview":"max-video-preview:-1"},"og_locale":"pt_BR","og_type":"article","og_title":"Empresas - Regional Noroeste","og_description":"Atua\u00e7\u00e3o Lei &#8211; Loca\u00e7\u00e3o Lei &#8211; Comercializa\u00e7\u00e3o Imobili\u00e1ria Lei &#8211; Contrato de Loca\u00e7\u00e3o","og_url":"https:\/\/secovipr.com.br\/maringa\/empresas\/","og_site_name":"Regional Noroeste","article_modified_time":"2022-01-17T18:08:49+00:00","twitter_card":"summary_large_image","twitter_misc":{"Est. tempo de leitura":"1 minuto"},"schema":{"@context":"https:\/\/schema.org","@graph":[{"@type":"WebSite","@id":"https:\/\/secovipr.com.br\/maringa\/#website","url":"https:\/\/secovipr.com.br\/maringa\/","name":"Regional Noroeste","description":"Sindicato da Habita\u00e7\u00e3o e Condom\u00ednios do Paran\u00e1","potentialAction":[{"@type":"SearchAction","target":{"@type":"EntryPoint","urlTemplate":"https:\/\/secovipr.com.br\/maringa\/?s={search_term_string}"},"query-input":"required name=search_term_string"}],"inLanguage":"pt-BR"},{"@type":"WebPage","@id":"https:\/\/secovipr.com.br\/maringa\/empresas\/#webpage","url":"https:\/\/secovipr.com.br\/maringa\/empresas\/","name":"Empresas - Regional Noroeste","isPartOf":{"@id":"https:\/\/secovipr.com.br\/maringa\/#website"},"datePublished":"2022-01-11T21:05:50+00:00","dateModified":"2022-01-17T18:08:49+00:00","breadcrumb":{"@id":"https:\/\/secovipr.com.br\/maringa\/empresas\/#breadcrumb"},"inLanguage":"pt-BR","potentialAction":[{"@type":"ReadAction","target":["https:\/\/secovipr.com.br\/maringa\/empresas\/"]}]},{"@type":"BreadcrumbList","@id":"https:\/\/secovipr.com.br\/maringa\/empresas\/#breadcrumb","itemListElement":[{"@type":"ListItem","position":1,"name":"In\u00edcio","item":"https:\/\/secovipr.com.br\/maringa\/"},{"@type":"ListItem","position":2,"name":"Empresas"}]}]}},"_links":{"self":[{"href":"https:\/\/secovipr.com.br\/maringa\/wp-json\/wp\/v2\/pages\/40"}],"collection":[{"href":"https:\/\/secovipr.com.br\/maringa\/wp-json\/wp\/v2\/pages"}],"about":[{"href":"https:\/\/secovipr.com.br\/maringa\/wp-json\/wp\/v2\/types\/page"}],"author":[{"embeddable":true,"href":"https:\/\/secovipr.com.br\/maringa\/wp-json\/wp\/v2\/users\/1"}],"replies":[{"embeddable":true,"href":"https:\/\/secovipr.com.br\/maringa\/wp-json\/wp\/v2\/comments?post=40"}],"version-history":[{"count":5,"href":"https:\/\/secovipr.com.br\/maringa\/wp-json\/wp\/v2\/pages\/40\/revisions"}],"predecessor-version":[{"id":217,"href":"https:\/\/secovipr.com.br\/maringa\/wp-json\/wp\/v2\/pages\/40\/revisions\/217"}],"wp:attachment":[{"href":"https:\/\/secovipr.com.br\/maringa\/wp-json\/wp\/v2\/media?parent=40"}],"curies":[{"name":"wp","href":"https:\/\/api.w.org\/{rel}","templated":true}]}}