{"id":212,"date":"2022-01-17T14:57:11","date_gmt":"2022-01-17T17:57:11","guid":{"rendered":"https:\/\/secovipr.com.br\/londrina\/?page_id=212"},"modified":"2023-02-01T16:16:37","modified_gmt":"2023-02-01T19:16:37","slug":"covid-19","status":"publish","type":"page","link":"https:\/\/secovipr.com.br\/londrina\/condominios\/covid-19\/","title":{"rendered":"Covid-19"},"content":{"rendered":"\n<h3>Comunicado Coronav\u00edrus<\/h3>\n\n\n\n<div class=\"wp-block-columns\">\n<div class=\"wp-block-column\">\n<figure class=\"wp-block-image size-large is-style-default\"><img loading=\"lazy\" width=\"724\" height=\"1024\" src=\"https:\/\/secovipr.com.br\/londrina\/wp-content\/uploads\/sites\/5\/2023\/02\/SOBE-E-DESCE-ABRIL-CORONA-copia-724x1024.jpg\" alt=\"\" class=\"wp-image-854\" srcset=\"https:\/\/secovipr.com.br\/londrina\/wp-content\/uploads\/sites\/5\/2023\/02\/SOBE-E-DESCE-ABRIL-CORONA-copia-724x1024.jpg 724w, https:\/\/secovipr.com.br\/londrina\/wp-content\/uploads\/sites\/5\/2023\/02\/SOBE-E-DESCE-ABRIL-CORONA-copia-212x300.jpg 212w, https:\/\/secovipr.com.br\/londrina\/wp-content\/uploads\/sites\/5\/2023\/02\/SOBE-E-DESCE-ABRIL-CORONA-copia-768x1087.jpg 768w, https:\/\/secovipr.com.br\/londrina\/wp-content\/uploads\/sites\/5\/2023\/02\/SOBE-E-DESCE-ABRIL-CORONA-copia-1086x1536.jpg 1086w, https:\/\/secovipr.com.br\/londrina\/wp-content\/uploads\/sites\/5\/2023\/02\/SOBE-E-DESCE-ABRIL-CORONA-copia-1447x2048.jpg 1447w, https:\/\/secovipr.com.br\/londrina\/wp-content\/uploads\/sites\/5\/2023\/02\/SOBE-E-DESCE-ABRIL-CORONA-copia-scaled.jpg 1809w\" sizes=\"(max-width: 724px) 100vw, 724px\" \/><\/figure>\n<\/div>\n\n\n\n<div class=\"wp-block-column\">\n<figure class=\"wp-block-image size-large\"><a href=\"https:\/\/secovipr.com.br\/londrina\/condominios\/covid-19\/cartilha-condominio-sem-violencia\/\"><img loading=\"lazy\" width=\"1024\" height=\"466\" src=\"https:\/\/secovipr.com.br\/londrina\/wp-content\/uploads\/sites\/5\/2022\/01\/condominio-sem-violencia-1024x466.png\" alt=\"\" class=\"wp-image-214\" srcset=\"https:\/\/secovipr.com.br\/londrina\/wp-content\/uploads\/sites\/5\/2022\/01\/condominio-sem-violencia-1024x466.png 1024w, https:\/\/secovipr.com.br\/londrina\/wp-content\/uploads\/sites\/5\/2022\/01\/condominio-sem-violencia-300x136.png 300w, https:\/\/secovipr.com.br\/londrina\/wp-content\/uploads\/sites\/5\/2022\/01\/condominio-sem-violencia-768x349.png 768w, https:\/\/secovipr.com.br\/londrina\/wp-content\/uploads\/sites\/5\/2022\/01\/condominio-sem-violencia-1536x698.png 1536w, https:\/\/secovipr.com.br\/londrina\/wp-content\/uploads\/sites\/5\/2022\/01\/condominio-sem-violencia.png 1711w\" sizes=\"(max-width: 1024px) 100vw, 1024px\" \/><\/a><\/figure>\n<\/div>\n<\/div>\n\n\n\n<div class=\"wp-block-columns\">\n<div class=\"wp-block-column\"><\/div>\n\n\n\n<div class=\"wp-block-column\"><\/div>\n<\/div>\n","protected":false},"excerpt":{"rendered":"<p>Comunicado Coronav\u00edrus<\/p>\n","protected":false},"author":1,"featured_media":0,"parent":42,"menu_order":0,"comment_status":"closed","ping_status":"closed","template":"","meta":[],"acf":[],"yoast_head":"<!-- This site is optimized with the Yoast SEO plugin v18.1 - https:\/\/yoast.com\/wordpress\/plugins\/seo\/ -->\n<title>Covid-19 - Regional Norte<\/title>\n<meta name=\"robots\" content=\"noindex, follow, max-snippet:-1, max-image-preview:large, max-video-preview:-1\" \/>\n<meta property=\"og:locale\" content=\"pt_BR\" \/>\n<meta property=\"og:type\" content=\"article\" \/>\n<meta property=\"og:title\" content=\"Covid-19 - Regional Norte\" \/>\n<meta property=\"og:description\" content=\"Comunicado Coronav\u00edrus\" \/>\n<meta property=\"og:url\" content=\"https:\/\/secovipr.com.br\/londrina\/condominios\/covid-19\/\" \/>\n<meta property=\"og:site_name\" content=\"Regional Norte\" \/>\n<meta property=\"article:modified_time\" content=\"2023-02-01T19:16:37+00:00\" \/>\n<meta property=\"og:image\" content=\"https:\/\/secovipr.com.br\/londrina\/wp-content\/uploads\/sites\/5\/2023\/02\/SOBE-E-DESCE-ABRIL-CORONA-copia-724x1024.jpg\" \/>\n<meta name=\"twitter:card\" content=\"summary_large_image\" \/>\n<meta name=\"twitter:label1\" content=\"Est. tempo de leitura\" \/>\n\t<meta name=\"twitter:data1\" content=\"1 minuto\" \/>\n<script type=\"application\/ld+json\" class=\"yoast-schema-graph\">{\"@context\":\"https:\/\/schema.org\",\"@graph\":[{\"@type\":\"WebSite\",\"@id\":\"https:\/\/secovipr.com.br\/londrina\/#website\",\"url\":\"https:\/\/secovipr.com.br\/londrina\/\",\"name\":\"Regional Norte\",\"description\":\"Sindicato da Habita\u00e7\u00e3o e Condom\u00ednios do Paran\u00e1\",\"potentialAction\":[{\"@type\":\"SearchAction\",\"target\":{\"@type\":\"EntryPoint\",\"urlTemplate\":\"https:\/\/secovipr.com.br\/londrina\/?s={search_term_string}\"},\"query-input\":\"required name=search_term_string\"}],\"inLanguage\":\"pt-BR\"},{\"@type\":\"ImageObject\",\"@id\":\"https:\/\/secovipr.com.br\/londrina\/condominios\/covid-19\/#primaryimage\",\"inLanguage\":\"pt-BR\",\"url\":\"https:\/\/secovipr.com.br\/londrina\/wp-content\/uploads\/sites\/5\/2023\/02\/SOBE-E-DESCE-ABRIL-CORONA-copia-scaled.jpg\",\"contentUrl\":\"https:\/\/secovipr.com.br\/londrina\/wp-content\/uploads\/sites\/5\/2023\/02\/SOBE-E-DESCE-ABRIL-CORONA-copia-scaled.jpg\",\"width\":1809,\"height\":2560},{\"@type\":\"WebPage\",\"@id\":\"https:\/\/secovipr.com.br\/londrina\/condominios\/covid-19\/#webpage\",\"url\":\"https:\/\/secovipr.com.br\/londrina\/condominios\/covid-19\/\",\"name\":\"Covid-19 - Regional Norte\",\"isPartOf\":{\"@id\":\"https:\/\/secovipr.com.br\/londrina\/#website\"},\"primaryImageOfPage\":{\"@id\":\"https:\/\/secovipr.com.br\/londrina\/condominios\/covid-19\/#primaryimage\"},\"datePublished\":\"2022-01-17T17:57:11+00:00\",\"dateModified\":\"2023-02-01T19:16:37+00:00\",\"breadcrumb\":{\"@id\":\"https:\/\/secovipr.com.br\/londrina\/condominios\/covid-19\/#breadcrumb\"},\"inLanguage\":\"pt-BR\",\"potentialAction\":[{\"@type\":\"ReadAction\",\"target\":[\"https:\/\/secovipr.com.br\/londrina\/condominios\/covid-19\/\"]}]},{\"@type\":\"BreadcrumbList\",\"@id\":\"https:\/\/secovipr.com.br\/londrina\/condominios\/covid-19\/#breadcrumb\",\"itemListElement\":[{\"@type\":\"ListItem\",\"position\":1,\"name\":\"In\u00edcio\",\"item\":\"https:\/\/secovipr.com.br\/londrina\/\"},{\"@type\":\"ListItem\",\"position\":2,\"name\":\"Condom\u00ednios\",\"item\":\"https:\/\/secovipr.com.br\/londrina\/condominios\/\"},{\"@type\":\"ListItem\",\"position\":3,\"name\":\"Covid-19\"}]}]}<\/script>\n<!-- \/ Yoast SEO plugin. -->","yoast_head_json":{"title":"Covid-19 - Regional Norte","robots":{"index":"noindex","follow":"follow","max-snippet":"max-snippet:-1","max-image-preview":"max-image-preview:large","max-video-preview":"max-video-preview:-1"},"og_locale":"pt_BR","og_type":"article","og_title":"Covid-19 - Regional Norte","og_description":"Comunicado Coronav\u00edrus","og_url":"https:\/\/secovipr.com.br\/londrina\/condominios\/covid-19\/","og_site_name":"Regional Norte","article_modified_time":"2023-02-01T19:16:37+00:00","og_image":[{"url":"https:\/\/secovipr.com.br\/londrina\/wp-content\/uploads\/sites\/5\/2023\/02\/SOBE-E-DESCE-ABRIL-CORONA-copia-724x1024.jpg"}],"twitter_card":"summary_large_image","twitter_misc":{"Est. tempo de leitura":"1 minuto"},"schema":{"@context":"https:\/\/schema.org","@graph":[{"@type":"WebSite","@id":"https:\/\/secovipr.com.br\/londrina\/#website","url":"https:\/\/secovipr.com.br\/londrina\/","name":"Regional Norte","description":"Sindicato da Habita\u00e7\u00e3o e Condom\u00ednios do Paran\u00e1","potentialAction":[{"@type":"SearchAction","target":{"@type":"EntryPoint","urlTemplate":"https:\/\/secovipr.com.br\/londrina\/?s={search_term_string}"},"query-input":"required name=search_term_string"}],"inLanguage":"pt-BR"},{"@type":"ImageObject","@id":"https:\/\/secovipr.com.br\/londrina\/condominios\/covid-19\/#primaryimage","inLanguage":"pt-BR","url":"https:\/\/secovipr.com.br\/londrina\/wp-content\/uploads\/sites\/5\/2023\/02\/SOBE-E-DESCE-ABRIL-CORONA-copia-scaled.jpg","contentUrl":"https:\/\/secovipr.com.br\/londrina\/wp-content\/uploads\/sites\/5\/2023\/02\/SOBE-E-DESCE-ABRIL-CORONA-copia-scaled.jpg","width":1809,"height":2560},{"@type":"WebPage","@id":"https:\/\/secovipr.com.br\/londrina\/condominios\/covid-19\/#webpage","url":"https:\/\/secovipr.com.br\/londrina\/condominios\/covid-19\/","name":"Covid-19 - Regional Norte","isPartOf":{"@id":"https:\/\/secovipr.com.br\/londrina\/#website"},"primaryImageOfPage":{"@id":"https:\/\/secovipr.com.br\/londrina\/condominios\/covid-19\/#primaryimage"},"datePublished":"2022-01-17T17:57:11+00:00","dateModified":"2023-02-01T19:16:37+00:00","breadcrumb":{"@id":"https:\/\/secovipr.com.br\/londrina\/condominios\/covid-19\/#breadcrumb"},"inLanguage":"pt-BR","potentialAction":[{"@type":"ReadAction","target":["https:\/\/secovipr.com.br\/londrina\/condominios\/covid-19\/"]}]},{"@type":"BreadcrumbList","@id":"https:\/\/secovipr.com.br\/londrina\/condominios\/covid-19\/#breadcrumb","itemListElement":[{"@type":"ListItem","position":1,"name":"In\u00edcio","item":"https:\/\/secovipr.com.br\/londrina\/"},{"@type":"ListItem","position":2,"name":"Condom\u00ednios","item":"https:\/\/secovipr.com.br\/londrina\/condominios\/"},{"@type":"ListItem","position":3,"name":"Covid-19"}]}]}},"_links":{"self":[{"href":"https:\/\/secovipr.com.br\/londrina\/wp-json\/wp\/v2\/pages\/212"}],"collection":[{"href":"https:\/\/secovipr.com.br\/londrina\/wp-json\/wp\/v2\/pages"}],"about":[{"href":"https:\/\/secovipr.com.br\/londrina\/wp-json\/wp\/v2\/types\/page"}],"author":[{"embeddable":true,"href":"https:\/\/secovipr.com.br\/londrina\/wp-json\/wp\/v2\/users\/1"}],"replies":[{"embeddable":true,"href":"https:\/\/secovipr.com.br\/londrina\/wp-json\/wp\/v2\/comments?post=212"}],"version-history":[{"count":7,"href":"https:\/\/secovipr.com.br\/londrina\/wp-json\/wp\/v2\/pages\/212\/revisions"}],"predecessor-version":[{"id":855,"href":"https:\/\/secovipr.com.br\/londrina\/wp-json\/wp\/v2\/pages\/212\/revisions\/855"}],"up":[{"embeddable":true,"href":"https:\/\/secovipr.com.br\/londrina\/wp-json\/wp\/v2\/pages\/42"}],"wp:attachment":[{"href":"https:\/\/secovipr.com.br\/londrina\/wp-json\/wp\/v2\/media?parent=212"}],"curies":[{"name":"wp","href":"https:\/\/api.w.org\/{rel}","templated":true}]}}