{"id":176,"date":"2022-01-17T11:32:12","date_gmt":"2022-01-17T14:32:12","guid":{"rendered":"https:\/\/secovipr.com.br\/londrina\/?page_id=176"},"modified":"2023-02-01T09:30:23","modified_gmt":"2023-02-01T12:30:23","slug":"fundadores","status":"publish","type":"page","link":"https:\/\/secovipr.com.br\/londrina\/institucional\/fundadores\/","title":{"rendered":"Fundadores"},"content":{"rendered":"\n<hr class=\"wp-block-separator\" \/>\n\n\n\n<p class=\"has-text-align-center\"><strong>Fundadores da Regional Norte<\/strong><\/p>\n\n\n\n<p class=\"has-text-align-center\">Nestor Dias Correa <\/p>\n\n\n\n<p class=\"has-text-align-center\">Marilda Ramos <\/p>\n\n\n\n<p class=\"has-text-align-center\">Luiz Guilherme Christino Alho da Silva <\/p>\n\n\n\n<p class=\"has-text-align-center\">Ab\u00edlio Medeiros<\/p>\n","protected":false},"excerpt":{"rendered":"<p>Fundadores da Regional Norte Nestor Dias Correa Marilda Ramos Luiz Guilherme Christino Alho da Silva Ab\u00edlio Medeiros<\/p>\n","protected":false},"author":1,"featured_media":0,"parent":38,"menu_order":0,"comment_status":"closed","ping_status":"closed","template":"","meta":[],"acf":[],"yoast_head":"<!-- This site is optimized with the Yoast SEO plugin v18.1 - https:\/\/yoast.com\/wordpress\/plugins\/seo\/ -->\n<title>Fundadores - Regional Norte<\/title>\n<meta name=\"robots\" content=\"noindex, follow, max-snippet:-1, max-image-preview:large, max-video-preview:-1\" \/>\n<meta property=\"og:locale\" content=\"pt_BR\" \/>\n<meta property=\"og:type\" content=\"article\" \/>\n<meta property=\"og:title\" content=\"Fundadores - Regional Norte\" \/>\n<meta property=\"og:description\" content=\"Fundadores da Regional Norte Nestor Dias Correa Marilda Ramos Luiz Guilherme Christino Alho da Silva Ab\u00edlio Medeiros\" \/>\n<meta property=\"og:url\" content=\"https:\/\/secovipr.com.br\/londrina\/institucional\/fundadores\/\" \/>\n<meta property=\"og:site_name\" content=\"Regional Norte\" \/>\n<meta property=\"article:modified_time\" content=\"2023-02-01T12:30:23+00:00\" \/>\n<meta name=\"twitter:card\" content=\"summary_large_image\" \/>\n<meta name=\"twitter:label1\" content=\"Est. tempo de leitura\" \/>\n\t<meta name=\"twitter:data1\" content=\"1 minuto\" \/>\n<script type=\"application\/ld+json\" class=\"yoast-schema-graph\">{\"@context\":\"https:\/\/schema.org\",\"@graph\":[{\"@type\":\"WebSite\",\"@id\":\"https:\/\/secovipr.com.br\/londrina\/#website\",\"url\":\"https:\/\/secovipr.com.br\/londrina\/\",\"name\":\"Regional Norte\",\"description\":\"Sindicato da Habita\u00e7\u00e3o e Condom\u00ednios do Paran\u00e1\",\"potentialAction\":[{\"@type\":\"SearchAction\",\"target\":{\"@type\":\"EntryPoint\",\"urlTemplate\":\"https:\/\/secovipr.com.br\/londrina\/?s={search_term_string}\"},\"query-input\":\"required name=search_term_string\"}],\"inLanguage\":\"pt-BR\"},{\"@type\":\"WebPage\",\"@id\":\"https:\/\/secovipr.com.br\/londrina\/institucional\/fundadores\/#webpage\",\"url\":\"https:\/\/secovipr.com.br\/londrina\/institucional\/fundadores\/\",\"name\":\"Fundadores - Regional Norte\",\"isPartOf\":{\"@id\":\"https:\/\/secovipr.com.br\/londrina\/#website\"},\"datePublished\":\"2022-01-17T14:32:12+00:00\",\"dateModified\":\"2023-02-01T12:30:23+00:00\",\"breadcrumb\":{\"@id\":\"https:\/\/secovipr.com.br\/londrina\/institucional\/fundadores\/#breadcrumb\"},\"inLanguage\":\"pt-BR\",\"potentialAction\":[{\"@type\":\"ReadAction\",\"target\":[\"https:\/\/secovipr.com.br\/londrina\/institucional\/fundadores\/\"]}]},{\"@type\":\"BreadcrumbList\",\"@id\":\"https:\/\/secovipr.com.br\/londrina\/institucional\/fundadores\/#breadcrumb\",\"itemListElement\":[{\"@type\":\"ListItem\",\"position\":1,\"name\":\"In\u00edcio\",\"item\":\"https:\/\/secovipr.com.br\/londrina\/\"},{\"@type\":\"ListItem\",\"position\":2,\"name\":\"Institucional\",\"item\":\"https:\/\/secovipr.com.br\/londrina\/institucional\/\"},{\"@type\":\"ListItem\",\"position\":3,\"name\":\"Fundadores\"}]}]}<\/script>\n<!-- \/ Yoast SEO plugin. -->","yoast_head_json":{"title":"Fundadores - Regional Norte","robots":{"index":"noindex","follow":"follow","max-snippet":"max-snippet:-1","max-image-preview":"max-image-preview:large","max-video-preview":"max-video-preview:-1"},"og_locale":"pt_BR","og_type":"article","og_title":"Fundadores - Regional Norte","og_description":"Fundadores da Regional Norte Nestor Dias Correa Marilda Ramos Luiz Guilherme Christino Alho da Silva Ab\u00edlio Medeiros","og_url":"https:\/\/secovipr.com.br\/londrina\/institucional\/fundadores\/","og_site_name":"Regional Norte","article_modified_time":"2023-02-01T12:30:23+00:00","twitter_card":"summary_large_image","twitter_misc":{"Est. tempo de leitura":"1 minuto"},"schema":{"@context":"https:\/\/schema.org","@graph":[{"@type":"WebSite","@id":"https:\/\/secovipr.com.br\/londrina\/#website","url":"https:\/\/secovipr.com.br\/londrina\/","name":"Regional Norte","description":"Sindicato da Habita\u00e7\u00e3o e Condom\u00ednios do Paran\u00e1","potentialAction":[{"@type":"SearchAction","target":{"@type":"EntryPoint","urlTemplate":"https:\/\/secovipr.com.br\/londrina\/?s={search_term_string}"},"query-input":"required name=search_term_string"}],"inLanguage":"pt-BR"},{"@type":"WebPage","@id":"https:\/\/secovipr.com.br\/londrina\/institucional\/fundadores\/#webpage","url":"https:\/\/secovipr.com.br\/londrina\/institucional\/fundadores\/","name":"Fundadores - Regional Norte","isPartOf":{"@id":"https:\/\/secovipr.com.br\/londrina\/#website"},"datePublished":"2022-01-17T14:32:12+00:00","dateModified":"2023-02-01T12:30:23+00:00","breadcrumb":{"@id":"https:\/\/secovipr.com.br\/londrina\/institucional\/fundadores\/#breadcrumb"},"inLanguage":"pt-BR","potentialAction":[{"@type":"ReadAction","target":["https:\/\/secovipr.com.br\/londrina\/institucional\/fundadores\/"]}]},{"@type":"BreadcrumbList","@id":"https:\/\/secovipr.com.br\/londrina\/institucional\/fundadores\/#breadcrumb","itemListElement":[{"@type":"ListItem","position":1,"name":"In\u00edcio","item":"https:\/\/secovipr.com.br\/londrina\/"},{"@type":"ListItem","position":2,"name":"Institucional","item":"https:\/\/secovipr.com.br\/londrina\/institucional\/"},{"@type":"ListItem","position":3,"name":"Fundadores"}]}]}},"_links":{"self":[{"href":"https:\/\/secovipr.com.br\/londrina\/wp-json\/wp\/v2\/pages\/176"}],"collection":[{"href":"https:\/\/secovipr.com.br\/londrina\/wp-json\/wp\/v2\/pages"}],"about":[{"href":"https:\/\/secovipr.com.br\/londrina\/wp-json\/wp\/v2\/types\/page"}],"author":[{"embeddable":true,"href":"https:\/\/secovipr.com.br\/londrina\/wp-json\/wp\/v2\/users\/1"}],"replies":[{"embeddable":true,"href":"https:\/\/secovipr.com.br\/londrina\/wp-json\/wp\/v2\/comments?post=176"}],"version-history":[{"count":13,"href":"https:\/\/secovipr.com.br\/londrina\/wp-json\/wp\/v2\/pages\/176\/revisions"}],"predecessor-version":[{"id":808,"href":"https:\/\/secovipr.com.br\/londrina\/wp-json\/wp\/v2\/pages\/176\/revisions\/808"}],"up":[{"embeddable":true,"href":"https:\/\/secovipr.com.br\/londrina\/wp-json\/wp\/v2\/pages\/38"}],"wp:attachment":[{"href":"https:\/\/secovipr.com.br\/londrina\/wp-json\/wp\/v2\/media?parent=176"}],"curies":[{"name":"wp","href":"https:\/\/api.w.org\/{rel}","templated":true}]}}