{"id":163,"date":"2022-01-17T10:54:03","date_gmt":"2022-01-17T13:54:03","guid":{"rendered":"https:\/\/secovipr.com.br\/londrina\/?page_id=163"},"modified":"2025-04-08T16:50:08","modified_gmt":"2025-04-08T19:50:08","slug":"diretoria-da-regional","status":"publish","type":"page","link":"https:\/\/secovipr.com.br\/londrina\/institucional\/diretoria-da-regional\/","title":{"rendered":"Diretoria Regional Norte"},"content":{"rendered":"\n<div class=\"wp-block-image\"><figure class=\"aligncenter size-thumbnail is-resized\"><img loading=\"lazy\" src=\"https:\/\/secovipr.com.br\/londrina\/wp-content\/uploads\/sites\/5\/2023\/01\/WhatsApp-Image-2023-01-31-at-14.53.04-edited.jpeg\" alt=\"\" class=\"wp-image-789\" width=\"149\" height=\"199\" srcset=\"https:\/\/secovipr.com.br\/londrina\/wp-content\/uploads\/sites\/5\/2023\/01\/WhatsApp-Image-2023-01-31-at-14.53.04-edited.jpeg 596w, https:\/\/secovipr.com.br\/londrina\/wp-content\/uploads\/sites\/5\/2023\/01\/WhatsApp-Image-2023-01-31-at-14.53.04-edited-225x300.jpeg 225w\" sizes=\"(max-width: 149px) 100vw, 149px\" \/><\/figure><\/div>\n\n\n\n<p class=\"has-text-align-center\">Paulo Eduardo de Oliveira <\/p>\n\n\n\n<p class=\"has-text-align-center\"><strong>Vice Presidente da Regional Norte do Secovi PR<\/strong><\/p>\n\n\n\n<div class=\"wp-block-image\"><figure class=\"aligncenter size-thumbnail\"><img loading=\"lazy\" width=\"150\" height=\"150\" src=\"https:\/\/secovipr.com.br\/londrina\/wp-content\/uploads\/sites\/5\/2023\/01\/WhatsApp-Image-2023-01-31-at-14.54.02-150x150.jpeg\" alt=\"\" class=\"wp-image-776\" \/><\/figure><\/div>\n\n\n\n<p class=\"has-text-align-center\">S\u00e9rgio Schwind<\/p>\n\n\n\n<p class=\"has-text-align-center\"><strong> Vice Presidente Financeiro<\/strong><\/p>\n\n\n\n<div class=\"wp-block-image\"><figure class=\"aligncenter size-thumbnail\"><img loading=\"lazy\" width=\"150\" height=\"150\" src=\"https:\/\/secovipr.com.br\/londrina\/wp-content\/uploads\/sites\/5\/2023\/01\/WhatsApp-Image-2023-01-31-at-14.55.07-150x150.jpeg\" alt=\"\" class=\"wp-image-777\" \/><\/figure><\/div>\n\n\n\n<p class=\"has-text-align-center\">Jos\u00e9 Carlos Delalibera<\/p>\n\n\n\n<p class=\"has-text-align-center\"><strong>Presidente do Preg\u00e3o Imobili\u00e1rio<\/strong><\/p>\n\n\n\n<div class=\"wp-block-image\"><figure class=\"aligncenter size-large is-resized\"><img loading=\"lazy\" src=\"https:\/\/secovipr.com.br\/londrina\/wp-content\/uploads\/sites\/5\/2023\/01\/WhatsApp-Image-2023-01-31-at-15.00.08-1-edited.jpeg\" alt=\"\" class=\"wp-image-795\" width=\"131\" height=\"197\" srcset=\"https:\/\/secovipr.com.br\/londrina\/wp-content\/uploads\/sites\/5\/2023\/01\/WhatsApp-Image-2023-01-31-at-15.00.08-1-edited.jpeg 525w, https:\/\/secovipr.com.br\/londrina\/wp-content\/uploads\/sites\/5\/2023\/01\/WhatsApp-Image-2023-01-31-at-15.00.08-1-edited-200x300.jpeg 200w\" sizes=\"(max-width: 131px) 100vw, 131px\" \/><\/figure><\/div>\n\n\n\n<p class=\"has-text-align-center\">Marcello Scandelae <\/p>\n\n\n\n<p class=\"has-text-align-center\"><strong>Diretor de Loca\u00e7\u00e3o e Administra\u00e7\u00e3o de Im\u00f3veis<\/strong><\/p>\n\n\n\n<div class=\"wp-block-image\"><figure class=\"aligncenter size-thumbnail\"><img loading=\"lazy\" width=\"150\" height=\"150\" src=\"https:\/\/secovipr.com.br\/londrina\/wp-content\/uploads\/sites\/5\/2023\/01\/WhatsApp-Image-2023-01-31-at-15.01.01-150x150.jpeg\" alt=\"\" class=\"wp-image-779\" \/><\/figure><\/div>\n\n\n\n<p class=\"has-text-align-center\">Marcos Roberto Mincachi Moura <\/p>\n\n\n\n<p class=\"has-text-align-center\"><strong>Diretor de Desenvolvimento Urbano<\/strong><\/p>\n\n\n\n<p class=\"has-text-align-center\"><\/p>\n\n\n\n<p class=\"has-text-align-center\"><\/p>\n\n\n\n<div class=\"wp-block-image\"><figure class=\"aligncenter size-medium is-resized\"><img loading=\"lazy\" src=\"https:\/\/secovipr.com.br\/londrina\/wp-content\/uploads\/sites\/5\/2023\/01\/WhatsApp-Image-2023-01-31-at-15.04.24-169x300.jpeg\" alt=\"\" class=\"wp-image-781\" width=\"127\" height=\"225\" srcset=\"https:\/\/secovipr.com.br\/londrina\/wp-content\/uploads\/sites\/5\/2023\/01\/WhatsApp-Image-2023-01-31-at-15.04.24-169x300.jpeg 169w, https:\/\/secovipr.com.br\/londrina\/wp-content\/uploads\/sites\/5\/2023\/01\/WhatsApp-Image-2023-01-31-at-15.04.24-576x1024.jpeg 576w, https:\/\/secovipr.com.br\/londrina\/wp-content\/uploads\/sites\/5\/2023\/01\/WhatsApp-Image-2023-01-31-at-15.04.24-768x1365.jpeg 768w, https:\/\/secovipr.com.br\/londrina\/wp-content\/uploads\/sites\/5\/2023\/01\/WhatsApp-Image-2023-01-31-at-15.04.24.jpeg 864w\" sizes=\"(max-width: 127px) 100vw, 127px\" \/><\/figure><\/div>\n\n\n\n<p class=\"has-text-align-center\">Luiz Claudio Buzeti <\/p>\n\n\n\n<p class=\"has-text-align-center\">D<strong>iretor de Condom\u00ednios<\/strong><\/p>\n\n\n\n<div class=\"wp-block-image\"><figure class=\"aligncenter size-thumbnail\"><img loading=\"lazy\" width=\"150\" height=\"150\" src=\"https:\/\/secovipr.com.br\/londrina\/wp-content\/uploads\/sites\/5\/2023\/01\/WhatsApp-Image-2023-01-31-at-15.06.14-150x150.jpeg\" alt=\"\" class=\"wp-image-783\" srcset=\"https:\/\/secovipr.com.br\/londrina\/wp-content\/uploads\/sites\/5\/2023\/01\/WhatsApp-Image-2023-01-31-at-15.06.14-150x150.jpeg 150w, https:\/\/secovipr.com.br\/londrina\/wp-content\/uploads\/sites\/5\/2023\/01\/WhatsApp-Image-2023-01-31-at-15.06.14-300x300.jpeg 300w, https:\/\/secovipr.com.br\/londrina\/wp-content\/uploads\/sites\/5\/2023\/01\/WhatsApp-Image-2023-01-31-at-15.06.14.jpeg 640w\" sizes=\"(max-width: 150px) 100vw, 150px\" \/><\/figure><\/div>\n\n\n\n<p class=\"has-text-align-center\">Pablo Fares dos Reis <\/p>\n\n\n\n<p class=\"has-text-align-center\"><strong>Diretor de Administra\u00e7\u00e3o Condominial<\/strong><\/p>\n\n\n\n<div class=\"wp-block-image\"><figure class=\"aligncenter size-thumbnail\"><img loading=\"lazy\" width=\"150\" height=\"150\" src=\"https:\/\/secovipr.com.br\/londrina\/wp-content\/uploads\/sites\/5\/2023\/01\/WhatsApp-Image-2023-01-31-at-15.06.55-150x150.jpeg\" alt=\"\" class=\"wp-image-784\" srcset=\"https:\/\/secovipr.com.br\/londrina\/wp-content\/uploads\/sites\/5\/2023\/01\/WhatsApp-Image-2023-01-31-at-15.06.55-150x150.jpeg 150w, https:\/\/secovipr.com.br\/londrina\/wp-content\/uploads\/sites\/5\/2023\/01\/WhatsApp-Image-2023-01-31-at-15.06.55-300x297.jpeg 300w\" sizes=\"(max-width: 150px) 100vw, 150px\" \/><\/figure><\/div>\n\n\n\n<p class=\"has-text-align-center\">Arthur Harbs<\/p>\n\n\n\n<p class=\"has-text-align-center\"><strong> Diretor de Administra\u00e7\u00e3o Condominial<\/strong><\/p>\n\n\n\n<div class=\"wp-block-image\"><figure class=\"aligncenter size-thumbnail\"><img loading=\"lazy\" width=\"150\" height=\"150\" src=\"https:\/\/secovipr.com.br\/londrina\/wp-content\/uploads\/sites\/5\/2023\/01\/WhatsApp-Image-2023-01-31-at-15.07.50-150x150.jpeg\" alt=\"\" class=\"wp-image-785\" \/><\/figure><\/div>\n\n\n\n<p class=\"has-text-align-center\">M\u00e1rcio Cazalli Maranh\u00e3o <\/p>\n\n\n\n<p class=\"has-text-align-center\"><strong>Diretor Representante do Secovi em Camb\u00e9<\/strong><\/p>\n\n\n\n<div class=\"wp-block-image\"><figure class=\"aligncenter size-thumbnail\"><img loading=\"lazy\" width=\"150\" height=\"150\" src=\"https:\/\/secovipr.com.br\/londrina\/wp-content\/uploads\/sites\/5\/2023\/01\/WhatsApp-Image-2023-01-31-at-15.08.43-150x150.jpeg\" alt=\"\" class=\"wp-image-786\" \/><\/figure><\/div>\n\n\n\n<p class=\"has-text-align-center\">Paulo Roberto Cunha Craveiro<\/p>\n\n\n\n<p class=\"has-text-align-center\"><strong>Diretor Representante do Secovi em Apucarana<\/strong><\/p>\n","protected":false},"excerpt":{"rendered":"<p>Paulo Eduardo de Oliveira Vice Presidente da Regional Norte do Secovi PR S\u00e9rgio Schwind Vice Presidente Financeiro Jos\u00e9 Carlos Delalibera Presidente do Preg\u00e3o Imobili\u00e1rio Marcello Scandelae Diretor de Loca\u00e7\u00e3o e Administra\u00e7\u00e3o de Im\u00f3veis Marcos Roberto Mincachi Moura Diretor de Desenvolvimento Urbano Luiz Claudio Buzeti Diretor de Condom\u00ednios Pablo Fares dos Reis Diretor de Administra\u00e7\u00e3o Condominial [&hellip;]<\/p>\n","protected":false},"author":1,"featured_media":0,"parent":38,"menu_order":0,"comment_status":"closed","ping_status":"closed","template":"","meta":[],"acf":[],"yoast_head":"<!-- This site is optimized with the Yoast SEO plugin v18.1 - https:\/\/yoast.com\/wordpress\/plugins\/seo\/ -->\n<title>Diretoria Regional Norte - Regional Norte<\/title>\n<meta name=\"robots\" content=\"noindex, follow, max-snippet:-1, max-image-preview:large, max-video-preview:-1\" \/>\n<meta property=\"og:locale\" content=\"pt_BR\" \/>\n<meta property=\"og:type\" content=\"article\" \/>\n<meta property=\"og:title\" content=\"Diretoria Regional Norte - Regional Norte\" \/>\n<meta property=\"og:description\" content=\"Paulo Eduardo de Oliveira Vice Presidente da Regional Norte do Secovi PR S\u00e9rgio Schwind Vice Presidente Financeiro Jos\u00e9 Carlos Delalibera Presidente do Preg\u00e3o Imobili\u00e1rio Marcello Scandelae Diretor de Loca\u00e7\u00e3o e Administra\u00e7\u00e3o de Im\u00f3veis Marcos Roberto Mincachi Moura Diretor de Desenvolvimento Urbano Luiz Claudio Buzeti Diretor de Condom\u00ednios Pablo Fares dos Reis Diretor de Administra\u00e7\u00e3o Condominial [&hellip;]\" \/>\n<meta property=\"og:url\" content=\"https:\/\/secovipr.com.br\/londrina\/institucional\/diretoria-da-regional\/\" \/>\n<meta property=\"og:site_name\" content=\"Regional Norte\" \/>\n<meta property=\"article:modified_time\" content=\"2025-04-08T19:50:08+00:00\" \/>\n<meta property=\"og:image\" content=\"https:\/\/secovipr.com.br\/londrina\/wp-content\/uploads\/sites\/5\/2023\/01\/WhatsApp-Image-2023-01-31-at-14.53.04-edited.jpeg\" \/>\n<meta name=\"twitter:card\" content=\"summary_large_image\" \/>\n<meta name=\"twitter:label1\" content=\"Est. tempo de leitura\" \/>\n\t<meta name=\"twitter:data1\" content=\"3 minutos\" \/>\n<script type=\"application\/ld+json\" class=\"yoast-schema-graph\">{\"@context\":\"https:\/\/schema.org\",\"@graph\":[{\"@type\":\"WebSite\",\"@id\":\"https:\/\/secovipr.com.br\/londrina\/#website\",\"url\":\"https:\/\/secovipr.com.br\/londrina\/\",\"name\":\"Regional Norte\",\"description\":\"Sindicato da Habita\u00e7\u00e3o e Condom\u00ednios do Paran\u00e1\",\"potentialAction\":[{\"@type\":\"SearchAction\",\"target\":{\"@type\":\"EntryPoint\",\"urlTemplate\":\"https:\/\/secovipr.com.br\/londrina\/?s={search_term_string}\"},\"query-input\":\"required name=search_term_string\"}],\"inLanguage\":\"pt-BR\"},{\"@type\":\"ImageObject\",\"@id\":\"https:\/\/secovipr.com.br\/londrina\/institucional\/diretoria-da-regional\/#primaryimage\",\"inLanguage\":\"pt-BR\",\"url\":\"https:\/\/secovipr.com.br\/londrina\/wp-content\/uploads\/sites\/5\/2023\/01\/WhatsApp-Image-2023-01-31-at-14.53.04-edited.jpeg\",\"contentUrl\":\"https:\/\/secovipr.com.br\/londrina\/wp-content\/uploads\/sites\/5\/2023\/01\/WhatsApp-Image-2023-01-31-at-14.53.04-edited.jpeg\",\"width\":596,\"height\":795},{\"@type\":\"WebPage\",\"@id\":\"https:\/\/secovipr.com.br\/londrina\/institucional\/diretoria-da-regional\/#webpage\",\"url\":\"https:\/\/secovipr.com.br\/londrina\/institucional\/diretoria-da-regional\/\",\"name\":\"Diretoria Regional Norte - Regional Norte\",\"isPartOf\":{\"@id\":\"https:\/\/secovipr.com.br\/londrina\/#website\"},\"primaryImageOfPage\":{\"@id\":\"https:\/\/secovipr.com.br\/londrina\/institucional\/diretoria-da-regional\/#primaryimage\"},\"datePublished\":\"2022-01-17T13:54:03+00:00\",\"dateModified\":\"2025-04-08T19:50:08+00:00\",\"breadcrumb\":{\"@id\":\"https:\/\/secovipr.com.br\/londrina\/institucional\/diretoria-da-regional\/#breadcrumb\"},\"inLanguage\":\"pt-BR\",\"potentialAction\":[{\"@type\":\"ReadAction\",\"target\":[\"https:\/\/secovipr.com.br\/londrina\/institucional\/diretoria-da-regional\/\"]}]},{\"@type\":\"BreadcrumbList\",\"@id\":\"https:\/\/secovipr.com.br\/londrina\/institucional\/diretoria-da-regional\/#breadcrumb\",\"itemListElement\":[{\"@type\":\"ListItem\",\"position\":1,\"name\":\"In\u00edcio\",\"item\":\"https:\/\/secovipr.com.br\/londrina\/\"},{\"@type\":\"ListItem\",\"position\":2,\"name\":\"Institucional\",\"item\":\"https:\/\/secovipr.com.br\/londrina\/institucional\/\"},{\"@type\":\"ListItem\",\"position\":3,\"name\":\"Diretoria Regional Norte\"}]}]}<\/script>\n<!-- \/ Yoast SEO plugin. -->","yoast_head_json":{"title":"Diretoria Regional Norte - Regional Norte","robots":{"index":"noindex","follow":"follow","max-snippet":"max-snippet:-1","max-image-preview":"max-image-preview:large","max-video-preview":"max-video-preview:-1"},"og_locale":"pt_BR","og_type":"article","og_title":"Diretoria Regional Norte - Regional Norte","og_description":"Paulo Eduardo de Oliveira Vice Presidente da Regional Norte do Secovi PR S\u00e9rgio Schwind Vice Presidente Financeiro Jos\u00e9 Carlos Delalibera Presidente do Preg\u00e3o Imobili\u00e1rio Marcello Scandelae Diretor de Loca\u00e7\u00e3o e Administra\u00e7\u00e3o de Im\u00f3veis Marcos Roberto Mincachi Moura Diretor de Desenvolvimento Urbano Luiz Claudio Buzeti Diretor de Condom\u00ednios Pablo Fares dos Reis Diretor de Administra\u00e7\u00e3o Condominial [&hellip;]","og_url":"https:\/\/secovipr.com.br\/londrina\/institucional\/diretoria-da-regional\/","og_site_name":"Regional Norte","article_modified_time":"2025-04-08T19:50:08+00:00","og_image":[{"url":"https:\/\/secovipr.com.br\/londrina\/wp-content\/uploads\/sites\/5\/2023\/01\/WhatsApp-Image-2023-01-31-at-14.53.04-edited.jpeg"}],"twitter_card":"summary_large_image","twitter_misc":{"Est. tempo de leitura":"3 minutos"},"schema":{"@context":"https:\/\/schema.org","@graph":[{"@type":"WebSite","@id":"https:\/\/secovipr.com.br\/londrina\/#website","url":"https:\/\/secovipr.com.br\/londrina\/","name":"Regional Norte","description":"Sindicato da Habita\u00e7\u00e3o e Condom\u00ednios do Paran\u00e1","potentialAction":[{"@type":"SearchAction","target":{"@type":"EntryPoint","urlTemplate":"https:\/\/secovipr.com.br\/londrina\/?s={search_term_string}"},"query-input":"required name=search_term_string"}],"inLanguage":"pt-BR"},{"@type":"ImageObject","@id":"https:\/\/secovipr.com.br\/londrina\/institucional\/diretoria-da-regional\/#primaryimage","inLanguage":"pt-BR","url":"https:\/\/secovipr.com.br\/londrina\/wp-content\/uploads\/sites\/5\/2023\/01\/WhatsApp-Image-2023-01-31-at-14.53.04-edited.jpeg","contentUrl":"https:\/\/secovipr.com.br\/londrina\/wp-content\/uploads\/sites\/5\/2023\/01\/WhatsApp-Image-2023-01-31-at-14.53.04-edited.jpeg","width":596,"height":795},{"@type":"WebPage","@id":"https:\/\/secovipr.com.br\/londrina\/institucional\/diretoria-da-regional\/#webpage","url":"https:\/\/secovipr.com.br\/londrina\/institucional\/diretoria-da-regional\/","name":"Diretoria Regional Norte - Regional Norte","isPartOf":{"@id":"https:\/\/secovipr.com.br\/londrina\/#website"},"primaryImageOfPage":{"@id":"https:\/\/secovipr.com.br\/londrina\/institucional\/diretoria-da-regional\/#primaryimage"},"datePublished":"2022-01-17T13:54:03+00:00","dateModified":"2025-04-08T19:50:08+00:00","breadcrumb":{"@id":"https:\/\/secovipr.com.br\/londrina\/institucional\/diretoria-da-regional\/#breadcrumb"},"inLanguage":"pt-BR","potentialAction":[{"@type":"ReadAction","target":["https:\/\/secovipr.com.br\/londrina\/institucional\/diretoria-da-regional\/"]}]},{"@type":"BreadcrumbList","@id":"https:\/\/secovipr.com.br\/londrina\/institucional\/diretoria-da-regional\/#breadcrumb","itemListElement":[{"@type":"ListItem","position":1,"name":"In\u00edcio","item":"https:\/\/secovipr.com.br\/londrina\/"},{"@type":"ListItem","position":2,"name":"Institucional","item":"https:\/\/secovipr.com.br\/londrina\/institucional\/"},{"@type":"ListItem","position":3,"name":"Diretoria Regional Norte"}]}]}},"_links":{"self":[{"href":"https:\/\/secovipr.com.br\/londrina\/wp-json\/wp\/v2\/pages\/163"}],"collection":[{"href":"https:\/\/secovipr.com.br\/londrina\/wp-json\/wp\/v2\/pages"}],"about":[{"href":"https:\/\/secovipr.com.br\/londrina\/wp-json\/wp\/v2\/types\/page"}],"author":[{"embeddable":true,"href":"https:\/\/secovipr.com.br\/londrina\/wp-json\/wp\/v2\/users\/1"}],"replies":[{"embeddable":true,"href":"https:\/\/secovipr.com.br\/londrina\/wp-json\/wp\/v2\/comments?post=163"}],"version-history":[{"count":12,"href":"https:\/\/secovipr.com.br\/londrina\/wp-json\/wp\/v2\/pages\/163\/revisions"}],"predecessor-version":[{"id":1618,"href":"https:\/\/secovipr.com.br\/londrina\/wp-json\/wp\/v2\/pages\/163\/revisions\/1618"}],"up":[{"embeddable":true,"href":"https:\/\/secovipr.com.br\/londrina\/wp-json\/wp\/v2\/pages\/38"}],"wp:attachment":[{"href":"https:\/\/secovipr.com.br\/londrina\/wp-json\/wp\/v2\/media?parent=163"}],"curies":[{"name":"wp","href":"https:\/\/api.w.org\/{rel}","templated":true}]}}