{"id":923,"date":"2023-02-13T13:59:20","date_gmt":"2023-02-13T16:59:20","guid":{"rendered":"https:\/\/secovipr.com.br\/londrina\/?post_type=evento&#038;p=923"},"modified":"2023-02-13T17:23:46","modified_gmt":"2023-02-13T20:23:46","slug":"palestra-plano-de-manutencao-predial","status":"publish","type":"evento","link":"https:\/\/secovipr.com.br\/londrina\/blog\/evento\/palestra-plano-de-manutencao-predial\/","title":{"rendered":"Palestra Plano de Manuten\u00e7\u00e3o Predial"},"content":{"rendered":"\n<p>O Secovi Londrina, com o apoio do Conselho de Engenharia e Arquitetura de Londrina (CEAL), realizar\u00e1 palestra com o tema: Plano de Manuten\u00e7\u00e3o Predial.<\/p>\n\n\n\n<p>Confira a seguir mais informa\u00e7\u00f5es sobre o evento.<\/p>\n\n\n\n<p><strong>Data: <\/strong>23\/03\/2023<br><strong>Hor\u00e1rio:<\/strong> 18h30 \u00e0s 20h30<br><strong>Local:<\/strong> Audit\u00f3rio Secovi Londrina<br><strong>Coffee Break:<\/strong> 18h30<br><strong>Dura\u00e7\u00e3o da palestra:<\/strong> 1h30 ( 19h00 \u00e0s 20h30)<br><br><strong>Palestrantes:<\/strong> <\/p>\n\n\n\n<ul><li>J\u00falio Cotrim<\/li><li>Adiloar F. Zemuner<\/li><\/ul>\n\n\n\n<p><br><strong>Programa\u00e7\u00e3o:<br><\/strong>\u2022 Porque elaborar um Plano de Manuten\u00e7\u00e3o?;<br>\u2022 Manual Plano de Manuten\u00e7\u00e3o Predial Regional Norte do Secovi PR;<br>\u2022 Responsabilidade Civil e Criminal e a Manuten\u00e7\u00e3o Predial;<\/p>\n\n\n\n<p>Apoio: CEAL<\/p>\n","protected":false},"author":5,"featured_media":927,"template":"","categ_evento":[],"acf":[],"yoast_head":"<!-- This site is optimized with the Yoast SEO plugin v18.1 - https:\/\/yoast.com\/wordpress\/plugins\/seo\/ -->\n<title>Palestra Plano de Manuten\u00e7\u00e3o Predial - Regional Norte<\/title>\n<meta name=\"robots\" content=\"noindex, follow, max-snippet:-1, max-image-preview:large, max-video-preview:-1\" \/>\n<meta property=\"og:locale\" content=\"pt_BR\" \/>\n<meta property=\"og:type\" content=\"article\" \/>\n<meta property=\"og:title\" content=\"Palestra Plano de Manuten\u00e7\u00e3o Predial - Regional Norte\" \/>\n<meta property=\"og:description\" content=\"O Secovi Londrina, com o apoio do Conselho de Engenharia e Arquitetura de Londrina (CEAL), realizar\u00e1 palestra com o tema: Plano de Manuten\u00e7\u00e3o Predial. Confira a seguir mais informa\u00e7\u00f5es sobre o evento. Data: 23\/03\/2023Hor\u00e1rio: 18h30 \u00e0s 20h30Local: Audit\u00f3rio Secovi LondrinaCoffee Break: 18h30Dura\u00e7\u00e3o da palestra: 1h30 ( 19h00 \u00e0s 20h30) Palestrantes: J\u00falio Cotrim Adiloar F. Zemuner [&hellip;]\" \/>\n<meta property=\"og:url\" content=\"https:\/\/secovipr.com.br\/londrina\/blog\/evento\/palestra-plano-de-manutencao-predial\/\" \/>\n<meta property=\"og:site_name\" content=\"Regional Norte\" \/>\n<meta property=\"article:modified_time\" content=\"2023-02-13T20:23:46+00:00\" \/>\n<meta property=\"og:image\" content=\"https:\/\/secovipr.com.br\/londrina\/wp-content\/uploads\/sites\/5\/2023\/02\/portrait-young-handsome-contractor-going-through-home-inspection-white-background-scaled.jpg\" \/>\n\t<meta property=\"og:image:width\" content=\"2560\" \/>\n\t<meta property=\"og:image:height\" content=\"1707\" \/>\n\t<meta property=\"og:image:type\" content=\"image\/jpeg\" \/>\n<meta name=\"twitter:card\" content=\"summary_large_image\" \/>\n<meta name=\"twitter:label1\" content=\"Est. tempo de leitura\" \/>\n\t<meta name=\"twitter:data1\" content=\"1 minuto\" \/>\n<script type=\"application\/ld+json\" class=\"yoast-schema-graph\">{\"@context\":\"https:\/\/schema.org\",\"@graph\":[{\"@type\":\"WebSite\",\"@id\":\"https:\/\/secovipr.com.br\/londrina\/#website\",\"url\":\"https:\/\/secovipr.com.br\/londrina\/\",\"name\":\"Regional Norte\",\"description\":\"Sindicato da Habita\u00e7\u00e3o e Condom\u00ednios do Paran\u00e1\",\"potentialAction\":[{\"@type\":\"SearchAction\",\"target\":{\"@type\":\"EntryPoint\",\"urlTemplate\":\"https:\/\/secovipr.com.br\/londrina\/?s={search_term_string}\"},\"query-input\":\"required name=search_term_string\"}],\"inLanguage\":\"pt-BR\"},{\"@type\":\"ImageObject\",\"@id\":\"https:\/\/secovipr.com.br\/londrina\/blog\/evento\/palestra-plano-de-manutencao-predial\/#primaryimage\",\"inLanguage\":\"pt-BR\",\"url\":\"https:\/\/secovipr.com.br\/londrina\/wp-content\/uploads\/sites\/5\/2023\/02\/portrait-young-handsome-contractor-going-through-home-inspection-white-background-scaled.jpg\",\"contentUrl\":\"https:\/\/secovipr.com.br\/londrina\/wp-content\/uploads\/sites\/5\/2023\/02\/portrait-young-handsome-contractor-going-through-home-inspection-white-background-scaled.jpg\",\"width\":2560,\"height\":1707,\"caption\":\"Portrait of a young handsome contractor going through a home inspection on a white background\"},{\"@type\":\"WebPage\",\"@id\":\"https:\/\/secovipr.com.br\/londrina\/blog\/evento\/palestra-plano-de-manutencao-predial\/#webpage\",\"url\":\"https:\/\/secovipr.com.br\/londrina\/blog\/evento\/palestra-plano-de-manutencao-predial\/\",\"name\":\"Palestra Plano de Manuten\u00e7\u00e3o Predial - Regional Norte\",\"isPartOf\":{\"@id\":\"https:\/\/secovipr.com.br\/londrina\/#website\"},\"primaryImageOfPage\":{\"@id\":\"https:\/\/secovipr.com.br\/londrina\/blog\/evento\/palestra-plano-de-manutencao-predial\/#primaryimage\"},\"datePublished\":\"2023-02-13T16:59:20+00:00\",\"dateModified\":\"2023-02-13T20:23:46+00:00\",\"breadcrumb\":{\"@id\":\"https:\/\/secovipr.com.br\/londrina\/blog\/evento\/palestra-plano-de-manutencao-predial\/#breadcrumb\"},\"inLanguage\":\"pt-BR\",\"potentialAction\":[{\"@type\":\"ReadAction\",\"target\":[\"https:\/\/secovipr.com.br\/londrina\/blog\/evento\/palestra-plano-de-manutencao-predial\/\"]}]},{\"@type\":\"BreadcrumbList\",\"@id\":\"https:\/\/secovipr.com.br\/londrina\/blog\/evento\/palestra-plano-de-manutencao-predial\/#breadcrumb\",\"itemListElement\":[{\"@type\":\"ListItem\",\"position\":1,\"name\":\"In\u00edcio\",\"item\":\"https:\/\/secovipr.com.br\/londrina\/\"},{\"@type\":\"ListItem\",\"position\":2,\"name\":\"Palestra Plano de Manuten\u00e7\u00e3o Predial\"}]}]}<\/script>\n<!-- \/ Yoast SEO plugin. -->","yoast_head_json":{"title":"Palestra Plano de Manuten\u00e7\u00e3o Predial - Regional Norte","robots":{"index":"noindex","follow":"follow","max-snippet":"max-snippet:-1","max-image-preview":"max-image-preview:large","max-video-preview":"max-video-preview:-1"},"og_locale":"pt_BR","og_type":"article","og_title":"Palestra Plano de Manuten\u00e7\u00e3o Predial - Regional Norte","og_description":"O Secovi Londrina, com o apoio do Conselho de Engenharia e Arquitetura de Londrina (CEAL), realizar\u00e1 palestra com o tema: Plano de Manuten\u00e7\u00e3o Predial. Confira a seguir mais informa\u00e7\u00f5es sobre o evento. Data: 23\/03\/2023Hor\u00e1rio: 18h30 \u00e0s 20h30Local: Audit\u00f3rio Secovi LondrinaCoffee Break: 18h30Dura\u00e7\u00e3o da palestra: 1h30 ( 19h00 \u00e0s 20h30) Palestrantes: J\u00falio Cotrim Adiloar F. Zemuner [&hellip;]","og_url":"https:\/\/secovipr.com.br\/londrina\/blog\/evento\/palestra-plano-de-manutencao-predial\/","og_site_name":"Regional Norte","article_modified_time":"2023-02-13T20:23:46+00:00","og_image":[{"width":2560,"height":1707,"url":"https:\/\/secovipr.com.br\/londrina\/wp-content\/uploads\/sites\/5\/2023\/02\/portrait-young-handsome-contractor-going-through-home-inspection-white-background-scaled.jpg","type":"image\/jpeg"}],"twitter_card":"summary_large_image","twitter_misc":{"Est. tempo de leitura":"1 minuto"},"schema":{"@context":"https:\/\/schema.org","@graph":[{"@type":"WebSite","@id":"https:\/\/secovipr.com.br\/londrina\/#website","url":"https:\/\/secovipr.com.br\/londrina\/","name":"Regional Norte","description":"Sindicato da Habita\u00e7\u00e3o e Condom\u00ednios do Paran\u00e1","potentialAction":[{"@type":"SearchAction","target":{"@type":"EntryPoint","urlTemplate":"https:\/\/secovipr.com.br\/londrina\/?s={search_term_string}"},"query-input":"required name=search_term_string"}],"inLanguage":"pt-BR"},{"@type":"ImageObject","@id":"https:\/\/secovipr.com.br\/londrina\/blog\/evento\/palestra-plano-de-manutencao-predial\/#primaryimage","inLanguage":"pt-BR","url":"https:\/\/secovipr.com.br\/londrina\/wp-content\/uploads\/sites\/5\/2023\/02\/portrait-young-handsome-contractor-going-through-home-inspection-white-background-scaled.jpg","contentUrl":"https:\/\/secovipr.com.br\/londrina\/wp-content\/uploads\/sites\/5\/2023\/02\/portrait-young-handsome-contractor-going-through-home-inspection-white-background-scaled.jpg","width":2560,"height":1707,"caption":"Portrait of a young handsome contractor going through a home inspection on a white background"},{"@type":"WebPage","@id":"https:\/\/secovipr.com.br\/londrina\/blog\/evento\/palestra-plano-de-manutencao-predial\/#webpage","url":"https:\/\/secovipr.com.br\/londrina\/blog\/evento\/palestra-plano-de-manutencao-predial\/","name":"Palestra Plano de Manuten\u00e7\u00e3o Predial - Regional Norte","isPartOf":{"@id":"https:\/\/secovipr.com.br\/londrina\/#website"},"primaryImageOfPage":{"@id":"https:\/\/secovipr.com.br\/londrina\/blog\/evento\/palestra-plano-de-manutencao-predial\/#primaryimage"},"datePublished":"2023-02-13T16:59:20+00:00","dateModified":"2023-02-13T20:23:46+00:00","breadcrumb":{"@id":"https:\/\/secovipr.com.br\/londrina\/blog\/evento\/palestra-plano-de-manutencao-predial\/#breadcrumb"},"inLanguage":"pt-BR","potentialAction":[{"@type":"ReadAction","target":["https:\/\/secovipr.com.br\/londrina\/blog\/evento\/palestra-plano-de-manutencao-predial\/"]}]},{"@type":"BreadcrumbList","@id":"https:\/\/secovipr.com.br\/londrina\/blog\/evento\/palestra-plano-de-manutencao-predial\/#breadcrumb","itemListElement":[{"@type":"ListItem","position":1,"name":"In\u00edcio","item":"https:\/\/secovipr.com.br\/londrina\/"},{"@type":"ListItem","position":2,"name":"Palestra Plano de Manuten\u00e7\u00e3o Predial"}]}]}},"_links":{"self":[{"href":"https:\/\/secovipr.com.br\/londrina\/wp-json\/wp\/v2\/evento\/923"}],"collection":[{"href":"https:\/\/secovipr.com.br\/londrina\/wp-json\/wp\/v2\/evento"}],"about":[{"href":"https:\/\/secovipr.com.br\/londrina\/wp-json\/wp\/v2\/types\/evento"}],"author":[{"embeddable":true,"href":"https:\/\/secovipr.com.br\/londrina\/wp-json\/wp\/v2\/users\/5"}],"version-history":[{"count":6,"href":"https:\/\/secovipr.com.br\/londrina\/wp-json\/wp\/v2\/evento\/923\/revisions"}],"predecessor-version":[{"id":930,"href":"https:\/\/secovipr.com.br\/londrina\/wp-json\/wp\/v2\/evento\/923\/revisions\/930"}],"wp:featuredmedia":[{"embeddable":true,"href":"https:\/\/secovipr.com.br\/londrina\/wp-json\/wp\/v2\/media\/927"}],"wp:attachment":[{"href":"https:\/\/secovipr.com.br\/londrina\/wp-json\/wp\/v2\/media?parent=923"}],"wp:term":[{"taxonomy":"categ_evento","embeddable":true,"href":"https:\/\/secovipr.com.br\/londrina\/wp-json\/wp\/v2\/categ_evento?post=923"}],"curies":[{"name":"wp","href":"https:\/\/api.w.org\/{rel}","templated":true}]}}

Palestra Plano de Manutenção Predial

<p>O Secovi Londrina, com o apoio do Conselho de Engenharia e Arquitetura de Londrina (CEAL), realizará palestra com o tema: Plano de Manutenção Predial.</p>



<p>Confira a seguir mais informações sobre o evento.</p>



<p><strong>Data: </strong>23/03/2023<br><strong>Horário:</strong> 18h30 às 20h30<br><strong>Local:</strong> Auditório Secovi Londrina<br><strong>Coffee Break:</strong> 18h30<br><strong>Duração da palestra:</strong> 1h30 ( 19h00 às 20h30)<br><br><strong>Palestrantes:</strong> </p>



<ul><li>Júlio Cotrim</li><li>Adiloar F. Zemuner</li></ul>



<p><br><strong>Programação:<br></strong>• Porque elaborar um Plano de Manutenção?;<br>• Manual Plano de Manutenção Predial Regional Norte do Secovi PR;<br>• Responsabilidade Civil e Criminal e a Manutenção Predial;</p>



<p>Apoio: CEAL</p>

<!-- This site is optimized with the Yoast SEO plugin v18.1 - https://yoast.com/wordpress/plugins/seo/ -->
<title>Palestra Plano de Manutenção Predial - Regional Norte</title>
<meta name="robots" content="noindex, follow, max-snippet:-1, max-image-preview:large, max-video-preview:-1" />
<meta property="og:locale" content="pt_BR" />
<meta property="og:type" content="article" />
<meta property="og:title" content="Palestra Plano de Manutenção Predial - Regional Norte" />
<meta property="og:description" content="O Secovi Londrina, com o apoio do Conselho de Engenharia e Arquitetura de Londrina (CEAL), realizará palestra com o tema: Plano de Manutenção Predial. Confira a seguir mais informações sobre o evento. Data: 23/03/2023Horário: 18h30 às 20h30Local: Auditório Secovi LondrinaCoffee Break: 18h30Duração da palestra: 1h30 ( 19h00 às 20h30) Palestrantes: Júlio Cotrim Adiloar F. Zemuner [&hellip;]" />
<meta property="og:url" content="https://secovipr.com.br/londrina/blog/evento/palestra-plano-de-manutencao-predial/" />
<meta property="og:site_name" content="Regional Norte" />
<meta property="article:modified_time" content="2023-02-13T20:23:46+00:00" />
<meta property="og:image" content="https://secovipr.com.br/londrina/wp-content/uploads/sites/5/2023/02/portrait-young-handsome-contractor-going-through-home-inspection-white-background-scaled.jpg" />
	<meta property="og:image:width" content="2560" />
	<meta property="og:image:height" content="1707" />
	<meta property="og:image:type" content="image/jpeg" />
<meta name="twitter:card" content="summary_large_image" />
<meta name="twitter:label1" content="Est. tempo de leitura" />
	<meta name="twitter:data1" content="1 minuto" />
<script type="application/ld+json" class="yoast-schema-graph">{"@context":"https://schema.org","@graph":[{"@type":"WebSite","@id":"https://secovipr.com.br/londrina/#website","url":"https://secovipr.com.br/londrina/","name":"Regional Norte","description":"Sindicato da Habitação e Condomínios do Paraná","potentialAction":[{"@type":"SearchAction","target":{"@type":"EntryPoint","urlTemplate":"https://secovipr.com.br/londrina/?s={search_term_string}"},"query-input":"required name=search_term_string"}],"inLanguage":"pt-BR"},{"@type":"ImageObject","@id":"https://secovipr.com.br/londrina/blog/evento/palestra-plano-de-manutencao-predial/#primaryimage","inLanguage":"pt-BR","url":"https://secovipr.com.br/londrina/wp-content/uploads/sites/5/2023/02/portrait-young-handsome-contractor-going-through-home-inspection-white-background-scaled.jpg","contentUrl":"https://secovipr.com.br/londrina/wp-content/uploads/sites/5/2023/02/portrait-young-handsome-contractor-going-through-home-inspection-white-background-scaled.jpg","width":2560,"height":1707,"caption":"Portrait of a young handsome contractor going through a home inspection on a white background"},{"@type":"WebPage","@id":"https://secovipr.com.br/londrina/blog/evento/palestra-plano-de-manutencao-predial/#webpage","url":"https://secovipr.com.br/londrina/blog/evento/palestra-plano-de-manutencao-predial/","name":"Palestra Plano de Manutenção Predial - Regional Norte","isPartOf":{"@id":"https://secovipr.com.br/londrina/#website"},"primaryImageOfPage":{"@id":"https://secovipr.com.br/londrina/blog/evento/palestra-plano-de-manutencao-predial/#primaryimage"},"datePublished":"2023-02-13T16:59:20+00:00","dateModified":"2023-02-13T20:23:46+00:00","breadcrumb":{"@id":"https://secovipr.com.br/londrina/blog/evento/palestra-plano-de-manutencao-predial/#breadcrumb"},"inLanguage":"pt-BR","potentialAction":[{"@type":"ReadAction","target":["https://secovipr.com.br/londrina/blog/evento/palestra-plano-de-manutencao-predial/"]}]},{"@type":"BreadcrumbList","@id":"https://secovipr.com.br/londrina/blog/evento/palestra-plano-de-manutencao-predial/#breadcrumb","itemListElement":[{"@type":"ListItem","position":1,"name":"Início","item":"https://secovipr.com.br/londrina/"},{"@type":"ListItem","position":2,"name":"Palestra Plano de Manutenção Predial"}]}]}</script>
<!-- / Yoast SEO plugin. -->

Palestra Plano de Manutenção Predial - Regional Norte

O Secovi Londrina, com o apoio do Conselho de Engenharia e Arquitetura de Londrina (CEAL), realizará palestra com o tema: Plano de Manutenção Predial. Confira a seguir mais informações sobre o evento. Data: 23/03/2023Horário: 18h30 às 20h30Local: Auditório Secovi LondrinaCoffee Break: 18h30Duração da palestra: 1h30 ( 19h00 às 20h30) Palestrantes: Júlio Cotrim Adiloar F. Zemuner [&hellip;]

Sindicato da Habitação e Condomínios do Paraná

Início
