{"id":903,"date":"2023-02-13T11:09:03","date_gmt":"2023-02-13T14:09:03","guid":{"rendered":"https:\/\/secovipr.com.br\/londrina\/?post_type=evento&#038;p=903"},"modified":"2023-02-13T11:09:04","modified_gmt":"2023-02-13T14:09:04","slug":"cafe-do-sindico-fevereiro","status":"publish","type":"evento","link":"https:\/\/secovipr.com.br\/londrina\/blog\/evento\/cafe-do-sindico-fevereiro\/","title":{"rendered":"Caf\u00e9 do S\u00edndico &#8211; Fevereiro"},"content":{"rendered":"\n<p>Convidamos voc\u00ea, para o nosso Caf\u00e9 do S\u00edndico, uma manh\u00e3 com muita informa\u00e7\u00e3o \u00fatil para o seu trabalho \u00e0 frente do condom\u00ednio. O evento ser\u00e1 realizado no dia 28 de fevereiro e ter\u00e1 como tema <strong>&#8220;Servi\u00e7o tercerizado em condom\u00ednios&#8221;<\/strong>, assunto que ser\u00e1 abordado pelas assessoras jur\u00eddicas da Regional Norte do Secovi PR, Dra. Adiloar F. Zemuner e Camila Corcini.<\/p>\n\n\n\n<p>Confira a seguir a <strong>programa\u00e7\u00e3o do encontro<\/strong>:<\/p>\n\n\n\n<ul><li>Como funciona a terceiriza\u00e7\u00e3o em condom\u00ednios;<\/li><li>O que voc\u00ea precisa saber sobre a terceiriza\u00e7\u00e3o de servi\u00e7os nos condom\u00ednios;<\/li><li>Documentos que a terceirizada deve fornecer;<\/li><li>A rela\u00e7\u00e3o condominial nas empresas terceirizadas e suas demandas trabalhistas;<\/li><li>Os impactos da LGPD para condom\u00ednios e terceirizadas;<\/li><\/ul>\n\n\n\n<p><strong>Confirme sua presen\u00e7a at\u00e9 o dia 27\/02 pelo telefone 3356-2703<\/strong> e participe com a gente deste momento de confraterniza\u00e7\u00e3o e troca de informa\u00e7\u00f5es!<br><br>Data: 28\/02\/2023<br>Hor\u00e1rio: 8h00 \u00e0s 10h00<br>Local: Audit\u00f3rio Secovi Londrina<\/p>\n","protected":false},"author":5,"featured_media":629,"template":"","categ_evento":[],"acf":[],"yoast_head":"<!-- This site is optimized with the Yoast SEO plugin v18.1 - https:\/\/yoast.com\/wordpress\/plugins\/seo\/ -->\n<title>Caf\u00e9 do S\u00edndico - Fevereiro - Regional Norte<\/title>\n<meta name=\"robots\" content=\"noindex, follow, max-snippet:-1, max-image-preview:large, max-video-preview:-1\" \/>\n<meta property=\"og:locale\" content=\"pt_BR\" \/>\n<meta property=\"og:type\" content=\"article\" \/>\n<meta property=\"og:title\" content=\"Caf\u00e9 do S\u00edndico - Fevereiro - Regional Norte\" \/>\n<meta property=\"og:description\" content=\"Convidamos voc\u00ea, para o nosso Caf\u00e9 do S\u00edndico, uma manh\u00e3 com muita informa\u00e7\u00e3o \u00fatil para o seu trabalho \u00e0 frente do condom\u00ednio. O evento ser\u00e1 realizado no dia 28 de fevereiro e ter\u00e1 como tema &#8220;Servi\u00e7o tercerizado em condom\u00ednios&#8221;, assunto que ser\u00e1 abordado pelas assessoras jur\u00eddicas da Regional Norte do Secovi PR, Dra. Adiloar F. [&hellip;]\" \/>\n<meta property=\"og:url\" content=\"https:\/\/secovipr.com.br\/londrina\/blog\/evento\/cafe-do-sindico-fevereiro\/\" \/>\n<meta property=\"og:site_name\" content=\"Regional Norte\" \/>\n<meta property=\"article:modified_time\" content=\"2023-02-13T14:09:04+00:00\" \/>\n<meta property=\"og:image\" content=\"https:\/\/secovipr.com.br\/londrina\/wp-content\/uploads\/sites\/5\/2022\/01\/WhatsApp-Image-2021-11-23-at-09.04.28nov.21.jpeg\" \/>\n\t<meta property=\"og:image:width\" content=\"1600\" \/>\n\t<meta property=\"og:image:height\" content=\"1226\" \/>\n\t<meta property=\"og:image:type\" content=\"image\/jpeg\" \/>\n<meta name=\"twitter:card\" content=\"summary_large_image\" \/>\n<meta name=\"twitter:label1\" content=\"Est. tempo de leitura\" \/>\n\t<meta name=\"twitter:data1\" content=\"1 minuto\" \/>\n<script type=\"application\/ld+json\" class=\"yoast-schema-graph\">{\"@context\":\"https:\/\/schema.org\",\"@graph\":[{\"@type\":\"WebSite\",\"@id\":\"https:\/\/secovipr.com.br\/londrina\/#website\",\"url\":\"https:\/\/secovipr.com.br\/londrina\/\",\"name\":\"Regional Norte\",\"description\":\"Sindicato da Habita\u00e7\u00e3o e Condom\u00ednios do Paran\u00e1\",\"potentialAction\":[{\"@type\":\"SearchAction\",\"target\":{\"@type\":\"EntryPoint\",\"urlTemplate\":\"https:\/\/secovipr.com.br\/londrina\/?s={search_term_string}\"},\"query-input\":\"required name=search_term_string\"}],\"inLanguage\":\"pt-BR\"},{\"@type\":\"ImageObject\",\"@id\":\"https:\/\/secovipr.com.br\/londrina\/blog\/evento\/cafe-do-sindico-fevereiro\/#primaryimage\",\"inLanguage\":\"pt-BR\",\"url\":\"https:\/\/secovipr.com.br\/londrina\/wp-content\/uploads\/sites\/5\/2022\/01\/WhatsApp-Image-2021-11-23-at-09.04.28nov.21.jpeg\",\"contentUrl\":\"https:\/\/secovipr.com.br\/londrina\/wp-content\/uploads\/sites\/5\/2022\/01\/WhatsApp-Image-2021-11-23-at-09.04.28nov.21.jpeg\",\"width\":1600,\"height\":1226},{\"@type\":\"WebPage\",\"@id\":\"https:\/\/secovipr.com.br\/londrina\/blog\/evento\/cafe-do-sindico-fevereiro\/#webpage\",\"url\":\"https:\/\/secovipr.com.br\/londrina\/blog\/evento\/cafe-do-sindico-fevereiro\/\",\"name\":\"Caf\u00e9 do S\u00edndico - Fevereiro - Regional Norte\",\"isPartOf\":{\"@id\":\"https:\/\/secovipr.com.br\/londrina\/#website\"},\"primaryImageOfPage\":{\"@id\":\"https:\/\/secovipr.com.br\/londrina\/blog\/evento\/cafe-do-sindico-fevereiro\/#primaryimage\"},\"datePublished\":\"2023-02-13T14:09:03+00:00\",\"dateModified\":\"2023-02-13T14:09:04+00:00\",\"breadcrumb\":{\"@id\":\"https:\/\/secovipr.com.br\/londrina\/blog\/evento\/cafe-do-sindico-fevereiro\/#breadcrumb\"},\"inLanguage\":\"pt-BR\",\"potentialAction\":[{\"@type\":\"ReadAction\",\"target\":[\"https:\/\/secovipr.com.br\/londrina\/blog\/evento\/cafe-do-sindico-fevereiro\/\"]}]},{\"@type\":\"BreadcrumbList\",\"@id\":\"https:\/\/secovipr.com.br\/londrina\/blog\/evento\/cafe-do-sindico-fevereiro\/#breadcrumb\",\"itemListElement\":[{\"@type\":\"ListItem\",\"position\":1,\"name\":\"In\u00edcio\",\"item\":\"https:\/\/secovipr.com.br\/londrina\/\"},{\"@type\":\"ListItem\",\"position\":2,\"name\":\"Caf\u00e9 do S\u00edndico &#8211; Fevereiro\"}]}]}<\/script>\n<!-- \/ Yoast SEO plugin. -->","yoast_head_json":{"title":"Caf\u00e9 do S\u00edndico - Fevereiro - Regional Norte","robots":{"index":"noindex","follow":"follow","max-snippet":"max-snippet:-1","max-image-preview":"max-image-preview:large","max-video-preview":"max-video-preview:-1"},"og_locale":"pt_BR","og_type":"article","og_title":"Caf\u00e9 do S\u00edndico - Fevereiro - Regional Norte","og_description":"Convidamos voc\u00ea, para o nosso Caf\u00e9 do S\u00edndico, uma manh\u00e3 com muita informa\u00e7\u00e3o \u00fatil para o seu trabalho \u00e0 frente do condom\u00ednio. O evento ser\u00e1 realizado no dia 28 de fevereiro e ter\u00e1 como tema &#8220;Servi\u00e7o tercerizado em condom\u00ednios&#8221;, assunto que ser\u00e1 abordado pelas assessoras jur\u00eddicas da Regional Norte do Secovi PR, Dra. Adiloar F. [&hellip;]","og_url":"https:\/\/secovipr.com.br\/londrina\/blog\/evento\/cafe-do-sindico-fevereiro\/","og_site_name":"Regional Norte","article_modified_time":"2023-02-13T14:09:04+00:00","og_image":[{"width":1600,"height":1226,"url":"https:\/\/secovipr.com.br\/londrina\/wp-content\/uploads\/sites\/5\/2022\/01\/WhatsApp-Image-2021-11-23-at-09.04.28nov.21.jpeg","type":"image\/jpeg"}],"twitter_card":"summary_large_image","twitter_misc":{"Est. tempo de leitura":"1 minuto"},"schema":{"@context":"https:\/\/schema.org","@graph":[{"@type":"WebSite","@id":"https:\/\/secovipr.com.br\/londrina\/#website","url":"https:\/\/secovipr.com.br\/londrina\/","name":"Regional Norte","description":"Sindicato da Habita\u00e7\u00e3o e Condom\u00ednios do Paran\u00e1","potentialAction":[{"@type":"SearchAction","target":{"@type":"EntryPoint","urlTemplate":"https:\/\/secovipr.com.br\/londrina\/?s={search_term_string}"},"query-input":"required name=search_term_string"}],"inLanguage":"pt-BR"},{"@type":"ImageObject","@id":"https:\/\/secovipr.com.br\/londrina\/blog\/evento\/cafe-do-sindico-fevereiro\/#primaryimage","inLanguage":"pt-BR","url":"https:\/\/secovipr.com.br\/londrina\/wp-content\/uploads\/sites\/5\/2022\/01\/WhatsApp-Image-2021-11-23-at-09.04.28nov.21.jpeg","contentUrl":"https:\/\/secovipr.com.br\/londrina\/wp-content\/uploads\/sites\/5\/2022\/01\/WhatsApp-Image-2021-11-23-at-09.04.28nov.21.jpeg","width":1600,"height":1226},{"@type":"WebPage","@id":"https:\/\/secovipr.com.br\/londrina\/blog\/evento\/cafe-do-sindico-fevereiro\/#webpage","url":"https:\/\/secovipr.com.br\/londrina\/blog\/evento\/cafe-do-sindico-fevereiro\/","name":"Caf\u00e9 do S\u00edndico - Fevereiro - Regional Norte","isPartOf":{"@id":"https:\/\/secovipr.com.br\/londrina\/#website"},"primaryImageOfPage":{"@id":"https:\/\/secovipr.com.br\/londrina\/blog\/evento\/cafe-do-sindico-fevereiro\/#primaryimage"},"datePublished":"2023-02-13T14:09:03+00:00","dateModified":"2023-02-13T14:09:04+00:00","breadcrumb":{"@id":"https:\/\/secovipr.com.br\/londrina\/blog\/evento\/cafe-do-sindico-fevereiro\/#breadcrumb"},"inLanguage":"pt-BR","potentialAction":[{"@type":"ReadAction","target":["https:\/\/secovipr.com.br\/londrina\/blog\/evento\/cafe-do-sindico-fevereiro\/"]}]},{"@type":"BreadcrumbList","@id":"https:\/\/secovipr.com.br\/londrina\/blog\/evento\/cafe-do-sindico-fevereiro\/#breadcrumb","itemListElement":[{"@type":"ListItem","position":1,"name":"In\u00edcio","item":"https:\/\/secovipr.com.br\/londrina\/"},{"@type":"ListItem","position":2,"name":"Caf\u00e9 do S\u00edndico &#8211; Fevereiro"}]}]}},"_links":{"self":[{"href":"https:\/\/secovipr.com.br\/londrina\/wp-json\/wp\/v2\/evento\/903"}],"collection":[{"href":"https:\/\/secovipr.com.br\/londrina\/wp-json\/wp\/v2\/evento"}],"about":[{"href":"https:\/\/secovipr.com.br\/londrina\/wp-json\/wp\/v2\/types\/evento"}],"author":[{"embeddable":true,"href":"https:\/\/secovipr.com.br\/londrina\/wp-json\/wp\/v2\/users\/5"}],"version-history":[{"count":11,"href":"https:\/\/secovipr.com.br\/londrina\/wp-json\/wp\/v2\/evento\/903\/revisions"}],"predecessor-version":[{"id":915,"href":"https:\/\/secovipr.com.br\/londrina\/wp-json\/wp\/v2\/evento\/903\/revisions\/915"}],"wp:featuredmedia":[{"embeddable":true,"href":"https:\/\/secovipr.com.br\/londrina\/wp-json\/wp\/v2\/media\/629"}],"wp:attachment":[{"href":"https:\/\/secovipr.com.br\/londrina\/wp-json\/wp\/v2\/media?parent=903"}],"wp:term":[{"taxonomy":"categ_evento","embeddable":true,"href":"https:\/\/secovipr.com.br\/londrina\/wp-json\/wp\/v2\/categ_evento?post=903"}],"curies":[{"name":"wp","href":"https:\/\/api.w.org\/{rel}","templated":true}]}}

Café do Síndico &#8211; Fevereiro

<p>Convidamos você, para o nosso Café do Síndico, uma manhã com muita informação útil para o seu trabalho à frente do condomínio. O evento será realizado no dia 28 de fevereiro e terá como tema <strong>&#8220;Serviço tercerizado em condomínios&#8221;</strong>, assunto que será abordado pelas assessoras jurídicas da Regional Norte do Secovi PR, Dra. Adiloar F. Zemuner e Camila Corcini.</p>



<p>Confira a seguir a <strong>programação do encontro</strong>:</p>



<ul><li>Como funciona a terceirização em condomínios;</li><li>O que você precisa saber sobre a terceirização de serviços nos condomínios;</li><li>Documentos que a terceirizada deve fornecer;</li><li>A relação condominial nas empresas terceirizadas e suas demandas trabalhistas;</li><li>Os impactos da LGPD para condomínios e terceirizadas;</li></ul>



<p><strong>Confirme sua presença até o dia 27/02 pelo telefone 3356-2703</strong> e participe com a gente deste momento de confraternização e troca de informações!<br><br>Data: 28/02/2023<br>Horário: 8h00 às 10h00<br>Local: Auditório Secovi Londrina</p>

<!-- This site is optimized with the Yoast SEO plugin v18.1 - https://yoast.com/wordpress/plugins/seo/ -->
<title>Café do Síndico - Fevereiro - Regional Norte</title>
<meta name="robots" content="noindex, follow, max-snippet:-1, max-image-preview:large, max-video-preview:-1" />
<meta property="og:locale" content="pt_BR" />
<meta property="og:type" content="article" />
<meta property="og:title" content="Café do Síndico - Fevereiro - Regional Norte" />
<meta property="og:description" content="Convidamos você, para o nosso Café do Síndico, uma manhã com muita informação útil para o seu trabalho à frente do condomínio. O evento será realizado no dia 28 de fevereiro e terá como tema &#8220;Serviço tercerizado em condomínios&#8221;, assunto que será abordado pelas assessoras jurídicas da Regional Norte do Secovi PR, Dra. Adiloar F. [&hellip;]" />
<meta property="og:url" content="https://secovipr.com.br/londrina/blog/evento/cafe-do-sindico-fevereiro/" />
<meta property="og:site_name" content="Regional Norte" />
<meta property="article:modified_time" content="2023-02-13T14:09:04+00:00" />
<meta property="og:image" content="https://secovipr.com.br/londrina/wp-content/uploads/sites/5/2022/01/WhatsApp-Image-2021-11-23-at-09.04.28nov.21.jpeg" />
	<meta property="og:image:width" content="1600" />
	<meta property="og:image:height" content="1226" />
	<meta property="og:image:type" content="image/jpeg" />
<meta name="twitter:card" content="summary_large_image" />
<meta name="twitter:label1" content="Est. tempo de leitura" />
	<meta name="twitter:data1" content="1 minuto" />
<script type="application/ld+json" class="yoast-schema-graph">{"@context":"https://schema.org","@graph":[{"@type":"WebSite","@id":"https://secovipr.com.br/londrina/#website","url":"https://secovipr.com.br/londrina/","name":"Regional Norte","description":"Sindicato da Habitação e Condomínios do Paraná","potentialAction":[{"@type":"SearchAction","target":{"@type":"EntryPoint","urlTemplate":"https://secovipr.com.br/londrina/?s={search_term_string}"},"query-input":"required name=search_term_string"}],"inLanguage":"pt-BR"},{"@type":"ImageObject","@id":"https://secovipr.com.br/londrina/blog/evento/cafe-do-sindico-fevereiro/#primaryimage","inLanguage":"pt-BR","url":"https://secovipr.com.br/londrina/wp-content/uploads/sites/5/2022/01/WhatsApp-Image-2021-11-23-at-09.04.28nov.21.jpeg","contentUrl":"https://secovipr.com.br/londrina/wp-content/uploads/sites/5/2022/01/WhatsApp-Image-2021-11-23-at-09.04.28nov.21.jpeg","width":1600,"height":1226},{"@type":"WebPage","@id":"https://secovipr.com.br/londrina/blog/evento/cafe-do-sindico-fevereiro/#webpage","url":"https://secovipr.com.br/londrina/blog/evento/cafe-do-sindico-fevereiro/","name":"Café do Síndico - Fevereiro - Regional Norte","isPartOf":{"@id":"https://secovipr.com.br/londrina/#website"},"primaryImageOfPage":{"@id":"https://secovipr.com.br/londrina/blog/evento/cafe-do-sindico-fevereiro/#primaryimage"},"datePublished":"2023-02-13T14:09:03+00:00","dateModified":"2023-02-13T14:09:04+00:00","breadcrumb":{"@id":"https://secovipr.com.br/londrina/blog/evento/cafe-do-sindico-fevereiro/#breadcrumb"},"inLanguage":"pt-BR","potentialAction":[{"@type":"ReadAction","target":["https://secovipr.com.br/londrina/blog/evento/cafe-do-sindico-fevereiro/"]}]},{"@type":"BreadcrumbList","@id":"https://secovipr.com.br/londrina/blog/evento/cafe-do-sindico-fevereiro/#breadcrumb","itemListElement":[{"@type":"ListItem","position":1,"name":"Início","item":"https://secovipr.com.br/londrina/"},{"@type":"ListItem","position":2,"name":"Café do Síndico &#8211; Fevereiro"}]}]}</script>
<!-- / Yoast SEO plugin. -->

Café do Síndico - Fevereiro - Regional Norte

Convidamos você, para o nosso Café do Síndico, uma manhã com muita informação útil para o seu trabalho à frente do condomínio. O evento será realizado no dia 28 de fevereiro e terá como tema &#8220;Serviço tercerizado em condomínios&#8221;, assunto que será abordado pelas assessoras jurídicas da Regional Norte do Secovi PR, Dra. Adiloar F. [&hellip;]

Sindicato da Habitação e Condomínios do Paraná

Início
